Last updated on 2025-02-19 09:50:57 CET.
Flavor | Version | Tinstall | Tcheck | Ttotal | Status | Flags |
---|---|---|---|---|---|---|
r-devel-linux-x86_64-debian-clang | 1.0.4 | 157.13 | 149.94 | 307.07 | NOTE | |
r-devel-linux-x86_64-debian-gcc | 1.0.4 | 108.13 | 106.71 | 214.84 | NOTE | |
r-devel-linux-x86_64-fedora-clang | 1.0.4 | 559.74 | NOTE | |||
r-devel-linux-x86_64-fedora-gcc | 1.0.4 | 552.04 | NOTE | |||
r-devel-macos-arm64 | 1.0.4 | 130.00 | NOTE | |||
r-devel-macos-x86_64 | 1.0.4 | 209.00 | NOTE | |||
r-devel-windows-x86_64 | 1.0.4 | 165.00 | 194.00 | 359.00 | NOTE | |
r-patched-linux-x86_64 | 1.0.4 | 167.69 | 139.55 | 307.24 | NOTE | |
r-release-linux-x86_64 | 1.0.4 | 149.20 | 137.86 | 287.06 | NOTE | |
r-release-macos-arm64 | 1.0.4 | 131.00 | NOTE | |||
r-release-macos-x86_64 | 1.0.4 | 144.00 | NOTE | |||
r-release-windows-x86_64 | 1.0.4 | 166.00 | 194.00 | 360.00 | NOTE | |
r-oldrel-macos-arm64 | 1.0.4 | 155.00 | NOTE | |||
r-oldrel-macos-x86_64 | 1.0.4 | 295.00 | NOTE | |||
r-oldrel-windows-x86_64 | 1.0.4 | 203.00 | 242.00 | 445.00 | NOTE |
Version: 1.0.4
Check: C++ specification
Result: NOTE
Specified C++11: please drop specification unless essential
Flavors: r-devel-linux-x86_64-debian-clang, r-devel-linux-x86_64-debian-gcc, r-devel-linux-x86_64-fedora-clang, r-devel-linux-x86_64-fedora-gcc, r-devel-macos-arm64, r-devel-macos-x86_64, r-devel-windows-x86_64, r-patched-linux-x86_64, r-release-linux-x86_64, r-release-macos-arm64, r-release-macos-x86_64, r-release-windows-x86_64, r-oldrel-macos-arm64, r-oldrel-macos-x86_64, r-oldrel-windows-x86_64
Version: 1.0.4
Check: Rd cross-references
Result: NOTE
Found the following Rd file(s) with Rd \link{} targets missing package
anchors:
plot.ProjectProblem.Rd: ggplot
plot_feature_persistence.Rd: ggplot
Please provide package anchors for all Rd \link{} targets not in the
package itself and the base packages.
Flavors: r-devel-linux-x86_64-debian-clang, r-devel-linux-x86_64-debian-gcc, r-devel-windows-x86_64
Version: 1.0.4
Check: package dependencies
Result: NOTE
Package suggested but not available for checking: ‘gurobi’
Flavors: r-patched-linux-x86_64, r-release-linux-x86_64, r-release-macos-arm64, r-release-macos-x86_64, r-release-windows-x86_64, r-oldrel-macos-x86_64, r-oldrel-windows-x86_64
Version: 1.0.4
Check: installed package size
Result: NOTE
installed size is 7.8Mb
sub-directories of 1Mb or more:
libs 6.2Mb
Flavors: r-release-macos-arm64, r-release-macos-x86_64, r-oldrel-macos-arm64, r-oldrel-macos-x86_64
Version: 1.0.4
Check: package dependencies
Result: NOTE
Packages suggested but not available for checking: 'gurobi', 'lpsymphony'
Flavor: r-oldrel-macos-arm64