Last updated on 2025-04-15 09:52:27 CEST.
Flavor | Version | Tinstall | Tcheck | Ttotal | Status | Flags |
---|---|---|---|---|---|---|
r-devel-linux-x86_64-debian-clang | 1.14 | 117.47 | 278.16 | 395.63 | OK | |
r-devel-linux-x86_64-debian-gcc | 1.14 | 77.12 | 177.84 | 254.96 | OK | |
r-devel-linux-x86_64-fedora-clang | 1.14 | 626.64 | OK | |||
r-devel-linux-x86_64-fedora-gcc | 1.14 | 642.22 | OK | |||
r-devel-windows-x86_64 | 1.14 | 97.00 | 268.00 | 365.00 | OK | |
r-patched-linux-x86_64 | 1.14 | 110.86 | 265.32 | 376.18 | OK | |
r-release-linux-x86_64 | 1.14 | 104.92 | 262.14 | 367.06 | OK | |
r-release-macos-arm64 | 1.14 | 150.00 | OK | |||
r-release-macos-x86_64 | 1.14 | 275.00 | OK | |||
r-release-windows-x86_64 | 1.14 | 100.00 | 265.00 | 365.00 | OK | |
r-oldrel-macos-arm64 | 1.14 | 157.00 | NOTE | |||
r-oldrel-macos-x86_64 | 1.14 | 274.00 | NOTE | |||
r-oldrel-windows-x86_64 | 1.14 | 95.00 | 339.00 | 434.00 | NOTE |
Version: 1.14
Check: installed package size
Result: NOTE
installed size is 14.3Mb
sub-directories of 1Mb or more:
R 2.0Mb
libs 9.9Mb
Flavors: r-oldrel-macos-arm64, r-oldrel-macos-x86_64, r-oldrel-windows-x86_64