CRAN Package Check Results for Package opencv

Last updated on 2025-04-16 09:53:06 CEST.

Flavor Version Tinstall Tcheck Ttotal Status Flags
r-devel-linux-x86_64-debian-clang 0.5.1 78.12 53.26 131.38 OK
r-devel-linux-x86_64-debian-gcc 0.5.1 54.33 33.21 87.54 OK
r-devel-linux-x86_64-fedora-gcc 0.5.1 273.02 OK
r-devel-windows-x86_64 0.5.1 103.00 315.00 418.00 OK
r-patched-linux-x86_64 0.5.1 74.14 40.97 115.11 OK
r-release-linux-x86_64 0.5.1 73.37 41.13 114.50 OK
r-release-macos-arm64 0.5.1 62.00 OK
r-release-macos-x86_64 0.5.1 68.00 OK
r-release-windows-x86_64 0.5.1 101.00 323.00 424.00 OK
r-oldrel-macos-arm64 0.5.1 64.00 NOTE
r-oldrel-macos-x86_64 0.5.1 94.00 NOTE
r-oldrel-windows-x86_64 0.5.1 98.00 223.00 321.00 NOTE

Check Details

Version: 0.5.1
Check: installed package size
Result: NOTE installed size is 31.3Mb sub-directories of 1Mb or more: libs 21.0Mb share 10.2Mb Flavors: r-oldrel-macos-arm64, r-oldrel-macos-x86_64, r-oldrel-windows-x86_64