Last updated on 2025-02-16 09:50:48 CET.
Flavor | Version | Tinstall | Tcheck | Ttotal | Status | Flags |
---|---|---|---|---|---|---|
r-devel-linux-x86_64-debian-clang | 1.2.1 | 16.69 | 82.24 | 98.93 | NOTE | |
r-devel-linux-x86_64-debian-gcc | 1.2.1 | 10.44 | 57.45 | 67.89 | NOTE | |
r-devel-linux-x86_64-fedora-clang | 1.2.1 | 162.12 | OK | |||
r-devel-linux-x86_64-fedora-gcc | 1.2.1 | 155.43 | OK | |||
r-devel-macos-arm64 | 1.2.1 | 87.00 | OK | |||
r-devel-macos-x86_64 | 1.2.1 | 130.00 | OK | |||
r-devel-windows-x86_64 | 1.2.1 | 16.00 | 110.00 | 126.00 | NOTE | |
r-patched-linux-x86_64 | 1.2.1 | 22.28 | 74.79 | 97.07 | OK | |
r-release-linux-x86_64 | 1.2.1 | 14.27 | 74.74 | 89.01 | OK | |
r-release-macos-arm64 | 1.2.1 | 352.00 | OK | |||
r-release-macos-x86_64 | 1.2.1 | 82.00 | OK | |||
r-release-windows-x86_64 | 1.2.1 | 15.00 | 116.00 | 131.00 | OK | |
r-oldrel-macos-arm64 | 1.2.1 | 359.00 | OK | |||
r-oldrel-macos-x86_64 | 1.2.1 | 434.00 | OK | |||
r-oldrel-windows-x86_64 | 1.2.1 | 21.00 | 131.00 | 152.00 | OK |
Version: 1.2.1
Check: Rd cross-references
Result: NOTE
Found the following Rd file(s) with Rd \link{} targets missing package
anchors:
ADSBDecoder.Rd: R6Class
clusterRoutes.Rd: dbscan, cluster
openSkiesAircraft.Rd: R6Class
openSkiesAirport.Rd: R6Class
openSkiesFlight.Rd: R6Class
openSkiesRoute.Rd: R6Class
openSkiesStateVector.Rd: R6Class
openSkiesStateVectorSet.Rd: R6Class
Please provide package anchors for all Rd \link{} targets not in the
package itself and the base packages.
Flavors: r-devel-linux-x86_64-debian-clang, r-devel-linux-x86_64-debian-gcc, r-devel-windows-x86_64