Last updated on 2025-02-16 09:50:48 CET.
Flavor | Version | Tinstall | Tcheck | Ttotal | Status | Flags |
---|---|---|---|---|---|---|
r-devel-linux-x86_64-debian-clang | 0.7.4 | 10.46 | 69.52 | 79.98 | NOTE | |
r-devel-linux-x86_64-debian-gcc | 0.7.4 | 6.57 | 50.79 | 57.36 | NOTE | |
r-devel-linux-x86_64-fedora-clang | 0.7.4 | 131.34 | NOTE | |||
r-devel-linux-x86_64-fedora-gcc | 0.7.4 | 131.49 | NOTE | |||
r-devel-macos-arm64 | 0.7.4 | 60.00 | OK | |||
r-devel-macos-x86_64 | 0.7.4 | 82.00 | NOTE | |||
r-devel-windows-x86_64 | 0.7.4 | 11.00 | 87.00 | 98.00 | NOTE | |
r-patched-linux-x86_64 | 0.7.4 | 10.28 | 64.35 | 74.63 | OK | |
r-release-linux-x86_64 | 0.7.4 | 10.02 | 65.16 | 75.18 | OK | |
r-release-macos-arm64 | 0.7.4 | 55.00 | OK | |||
r-release-macos-x86_64 | 0.7.4 | 115.00 | OK | |||
r-release-windows-x86_64 | 0.7.4 | 12.00 | 86.00 | 98.00 | OK | |
r-oldrel-macos-arm64 | 0.7.0 | 44.00 | OK | |||
r-oldrel-macos-x86_64 | 0.7.4 | 79.00 | OK | |||
r-oldrel-windows-x86_64 | 0.7.4 | 13.00 | 93.00 | 106.00 | OK |
Version: 0.7.4
Check: DESCRIPTION meta-information
Result: NOTE
Missing dependency on R >= 4.1.0 because package code uses the pipe
|> or function shorthand \(...) syntax added in R 4.1.0.
File(s) using such syntax:
‘1onto.R’ ‘edit_matches.R’
Flavors: r-devel-linux-x86_64-debian-clang, r-devel-linux-x86_64-debian-gcc, r-devel-linux-x86_64-fedora-clang, r-devel-linux-x86_64-fedora-gcc, r-devel-macos-x86_64, r-devel-windows-x86_64