Last updated on 2025-02-16 09:50:48 CET.
Flavor | Version | Tinstall | Tcheck | Ttotal | Status | Flags |
---|---|---|---|---|---|---|
r-devel-linux-x86_64-debian-clang | 0.3.0 | 21.71 | 25.60 | 47.31 | OK | |
r-devel-linux-x86_64-debian-gcc | 0.3.0 | 16.57 | 20.36 | 36.93 | OK | |
r-devel-linux-x86_64-fedora-clang | 0.3.0 | 94.83 | NOTE | |||
r-devel-linux-x86_64-fedora-gcc | 0.3.0 | 105.44 | NOTE | |||
r-devel-macos-arm64 | 0.3.0 | 31.00 | OK | |||
r-devel-macos-x86_64 | 0.3.0 | 53.00 | OK | |||
r-devel-windows-x86_64 | 0.3.0 | 24.00 | 63.00 | 87.00 | OK | |
r-patched-linux-x86_64 | 0.3.0 | 21.92 | 24.45 | 46.37 | OK | |
r-release-linux-x86_64 | 0.3.0 | 22.93 | 24.49 | 47.42 | OK | |
r-release-macos-arm64 | 0.3.0 | 34.00 | OK | |||
r-release-macos-x86_64 | 0.3.0 | 45.00 | OK | |||
r-release-windows-x86_64 | 0.3.0 | 24.00 | 62.00 | 86.00 | OK | |
r-oldrel-macos-arm64 | 0.3.0 | 37.00 | OK | |||
r-oldrel-macos-x86_64 | 0.3.0 | 61.00 | OK | |||
r-oldrel-windows-x86_64 | 0.3.0 | 24.00 | 95.00 | 119.00 | OK |
Version: 0.3.0
Check: compiled code
Result: NOTE
File ‘olctools/libs/olctools.so’:
Found no calls to: ‘R_registerRoutines’, ‘R_useDynamicSymbols’
It is good practice to register native routines and to disable symbol
search.
See ‘Writing portable packages’ in the ‘Writing R Extensions’ manual.
Flavors: r-devel-linux-x86_64-fedora-clang, r-devel-linux-x86_64-fedora-gcc