Last updated on 2025-02-16 09:50:48 CET.
Flavor | Version | Tinstall | Tcheck | Ttotal | Status | Flags |
---|---|---|---|---|---|---|
r-devel-linux-x86_64-debian-clang | 0.1.2 | 13.33 | 157.22 | 170.55 | NOTE | |
r-devel-linux-x86_64-debian-gcc | 0.1.2 | 7.91 | 108.65 | 116.56 | NOTE | |
r-devel-linux-x86_64-fedora-clang | 0.1.2 | 283.55 | NOTE | |||
r-devel-linux-x86_64-fedora-gcc | 0.1.2 | 268.39 | NOTE | |||
r-devel-macos-arm64 | 0.1.2 | 77.00 | OK | |||
r-devel-macos-x86_64 | 0.1.2 | 148.00 | NOTE | |||
r-devel-windows-x86_64 | 0.1.2 | 14.00 | 159.00 | 173.00 | NOTE | |
r-patched-linux-x86_64 | 0.1.2 | 12.06 | 144.90 | 156.96 | OK | |
r-release-linux-x86_64 | 0.1.2 | 12.67 | 143.01 | 155.68 | OK | |
r-release-macos-arm64 | 0.1.2 | 69.00 | OK | |||
r-release-macos-x86_64 | 0.1.2 | 109.00 | OK | |||
r-release-windows-x86_64 | 0.1.2 | 16.00 | 148.00 | 164.00 | OK | |
r-oldrel-macos-arm64 | 0.1.2 | 80.00 | OK | |||
r-oldrel-macos-x86_64 | 0.1.2 | 119.00 | OK | |||
r-oldrel-windows-x86_64 | 0.1.2 | 18.00 | 191.00 | 209.00 | OK |
Version: 0.1.2
Check: DESCRIPTION meta-information
Result: NOTE
Missing dependency on R >= 4.1.0 because package code uses the pipe
|> or function shorthand \(...) syntax added in R 4.1.0.
File(s) using such syntax:
‘assign_rates.R’ ‘diagnose.R’ ‘utility_spatial.R’
‘write_trial_files.R’
Flavors: r-devel-linux-x86_64-debian-clang, r-devel-linux-x86_64-debian-gcc, r-devel-linux-x86_64-fedora-clang, r-devel-linux-x86_64-fedora-gcc, r-devel-macos-x86_64, r-devel-windows-x86_64