CRAN Package Check Results for Package octopusR

Last updated on 2025-04-15 09:52:27 CEST.

Flavor Version Tinstall Tcheck Ttotal Status Flags
r-devel-linux-x86_64-debian-clang 1.0.1 3.25 31.49 34.74 NOTE
r-devel-linux-x86_64-debian-gcc 1.0.1 2.36 23.62 25.98 NOTE
r-devel-linux-x86_64-fedora-clang 1.0.1 54.82 NOTE
r-devel-linux-x86_64-fedora-gcc 1.0.1 52.67 NOTE
r-devel-windows-x86_64 1.0.1 4.00 51.00 55.00 NOTE
r-patched-linux-x86_64 1.0.1 3.32 30.33 33.65 NOTE
r-release-linux-x86_64 1.0.1 3.21 30.26 33.47 NOTE
r-release-macos-arm64 1.0.1 30.00 NOTE
r-release-macos-x86_64 1.0.1 38.00 NOTE
r-release-windows-x86_64 1.0.1 5.00 50.00 55.00 NOTE
r-oldrel-macos-arm64 1.0.1 29.00 OK
r-oldrel-macos-x86_64 1.0.1 32.00 OK
r-oldrel-windows-x86_64 1.0.1 5.00 61.00 66.00 OK

Check Details

Version: 1.0.1
Check: DESCRIPTION meta-information
Result: NOTE Missing dependency on R >= 4.1.0 because package code uses the pipe |> or function shorthand \(...) syntax added in R 4.1.0. File(s) using such syntax: ‘octopus_api.R’ Flavors: r-devel-linux-x86_64-debian-clang, r-devel-linux-x86_64-debian-gcc, r-devel-linux-x86_64-fedora-clang, r-devel-linux-x86_64-fedora-gcc, r-devel-windows-x86_64, r-patched-linux-x86_64, r-release-linux-x86_64, r-release-macos-arm64, r-release-macos-x86_64, r-release-windows-x86_64