Last updated on 2025-02-19 09:50:57 CET.
Flavor | Version | Tinstall | Tcheck | Ttotal | Status | Flags |
---|---|---|---|---|---|---|
r-devel-linux-x86_64-debian-clang | 1.4.2 | 38.23 | 146.81 | 185.04 | OK | |
r-devel-linux-x86_64-debian-gcc | 1.4.2 | 26.62 | 99.50 | 126.12 | OK | |
r-devel-linux-x86_64-fedora-clang | 1.4.2 | 299.54 | NOTE | |||
r-devel-linux-x86_64-fedora-gcc | 1.4.2 | 280.71 | NOTE | |||
r-devel-macos-arm64 | 1.4.2 | 83.00 | OK | |||
r-devel-macos-x86_64 | 1.4.2 | 267.00 | OK | |||
r-devel-windows-x86_64 | 1.4.2 | 45.00 | 175.00 | 220.00 | OK | |
r-patched-linux-x86_64 | 1.4.2 | 34.60 | 136.29 | 170.89 | NOTE | |
r-release-linux-x86_64 | 1.4.2 | 36.17 | 135.63 | 171.80 | NOTE | |
r-release-macos-arm64 | 1.4.2 | 73.00 | NOTE | |||
r-release-macos-x86_64 | 1.4.2 | 247.00 | NOTE | |||
r-release-windows-x86_64 | 1.4.2 | 43.00 | 173.00 | 216.00 | NOTE | |
r-oldrel-macos-arm64 | 1.4.2 | 86.00 | NOTE | |||
r-oldrel-macos-x86_64 | 1.4.2 | 204.00 | NOTE | |||
r-oldrel-windows-x86_64 | 1.4.2 | 58.00 | 208.00 | 266.00 | NOTE |
Version: 1.4.2
Check: dependencies in R code
Result: NOTE
Namespaces in Imports field not imported from:
‘R.utils’ ‘optparse’ ‘vcfR’
All declared Imports should be used.
Flavors: r-devel-linux-x86_64-fedora-clang, r-devel-linux-x86_64-fedora-gcc
Version: 1.4.2
Check: for GNU extensions in Makefiles
Result: NOTE
GNU make is a SystemRequirements.
Flavors: r-patched-linux-x86_64, r-release-linux-x86_64, r-release-macos-arm64, r-release-macos-x86_64, r-release-windows-x86_64, r-oldrel-macos-arm64, r-oldrel-macos-x86_64, r-oldrel-windows-x86_64
Version: 1.4.2
Check: installed package size
Result: NOTE
installed size is 5.5Mb
sub-directories of 1Mb or more:
data 4.2Mb
Flavors: r-release-macos-arm64, r-release-macos-x86_64, r-release-windows-x86_64, r-oldrel-macos-arm64, r-oldrel-macos-x86_64, r-oldrel-windows-x86_64