Last updated on 2025-02-16 09:50:48 CET.
Flavor | Version | Tinstall | Tcheck | Ttotal | Status | Flags |
---|---|---|---|---|---|---|
r-devel-linux-x86_64-debian-clang | 0.2.0 | 5.83 | 48.48 | 54.31 | OK | |
r-devel-linux-x86_64-debian-gcc | 0.2.0 | 4.80 | 37.52 | 42.32 | OK | |
r-devel-linux-x86_64-fedora-clang | 0.2.0 | 90.13 | OK | |||
r-devel-linux-x86_64-fedora-gcc | 0.2.0 | 82.19 | OK | |||
r-devel-macos-arm64 | 0.2.0 | 27.00 | OK | |||
r-devel-macos-x86_64 | 0.2.0 | 47.00 | OK | |||
r-devel-windows-x86_64 | 0.2.0 | 6.00 | 62.00 | 68.00 | OK | |
r-patched-linux-x86_64 | 0.2.0 | 4.82 | 45.27 | 50.09 | NOTE | |
r-release-linux-x86_64 | 0.2.0 | 5.28 | 45.76 | 51.04 | NOTE | |
r-release-macos-arm64 | 0.2.0 | 27.00 | NOTE | |||
r-release-macos-x86_64 | 0.2.0 | 40.00 | NOTE | |||
r-release-windows-x86_64 | 0.2.0 | 6.00 | 61.00 | 67.00 | NOTE | |
r-oldrel-macos-arm64 | 0.2.0 | 32.00 | NOTE | |||
r-oldrel-macos-x86_64 | 0.2.0 | 48.00 | NOTE | |||
r-oldrel-windows-x86_64 | 0.2.0 | 9.00 | 94.00 | 103.00 | NOTE |
Version: 0.2.0
Check: LazyData
Result: NOTE
'LazyData' is specified without a 'data' directory
Flavors: r-patched-linux-x86_64, r-release-linux-x86_64, r-release-macos-arm64, r-release-macos-x86_64, r-release-windows-x86_64, r-oldrel-macos-arm64, r-oldrel-macos-x86_64, r-oldrel-windows-x86_64