Last updated on 2025-02-16 09:50:48 CET.
Flavor | Version | Tinstall | Tcheck | Ttotal | Status | Flags |
---|---|---|---|---|---|---|
r-devel-linux-x86_64-debian-clang | 0.60-18 | 53.58 | 376.15 | 429.73 | NOTE | |
r-devel-linux-x86_64-debian-gcc | 0.60-18 | 38.77 | 257.24 | 296.01 | NOTE | |
r-devel-linux-x86_64-fedora-clang | 0.60-18 | 732.23 | OK | |||
r-devel-linux-x86_64-fedora-gcc | 0.60-18 | 697.17 | OK | |||
r-devel-macos-arm64 | 0.60-18 | 228.00 | OK | |||
r-devel-macos-x86_64 | 0.60-18 | 513.00 | OK | |||
r-devel-windows-x86_64 | 0.60-18 | 63.00 | 143.00 | 206.00 | OK | --no-examples --no-tests --no-vignettes |
r-patched-linux-x86_64 | 0.60-18 | 60.61 | 358.44 | 419.05 | OK | |
r-release-linux-x86_64 | 0.60-18 | 56.59 | 354.69 | 411.28 | OK | |
r-release-macos-arm64 | 0.60-18 | 180.00 | OK | |||
r-release-macos-x86_64 | 0.60-18 | 402.00 | OK | |||
r-release-windows-x86_64 | 0.60-18 | 61.00 | 148.00 | 209.00 | OK | --no-examples --no-tests --no-vignettes |
r-oldrel-macos-arm64 | 0.60-18 | 179.00 | OK | |||
r-oldrel-macos-x86_64 | 0.60-18 | 402.00 | OK | |||
r-oldrel-windows-x86_64 | 0.60-18 | 74.00 | 163.00 | 237.00 | OK | --no-examples --no-tests --no-vignettes |
Version: 0.60-18
Check: for unstated dependencies in ‘demo’
Result: NOTE
'::' or ':::' import not declared from: ‘crs’
'library' or 'require' call not declared from: ‘crs’
Flavors: r-devel-linux-x86_64-debian-clang, r-devel-linux-x86_64-debian-gcc