CRAN Package Check Results for Package noah

Last updated on 2025-02-16 09:50:47 CET.

Flavor Version Tinstall Tcheck Ttotal Status Flags
r-devel-linux-x86_64-debian-clang 0.1.0 3.36 41.09 44.45 OK
r-devel-linux-x86_64-debian-gcc 0.1.0 2.47 31.63 34.10 OK
r-devel-linux-x86_64-fedora-clang 0.1.0 72.00 NOTE
r-devel-linux-x86_64-fedora-gcc 0.1.0 67.68 NOTE
r-devel-macos-arm64 0.1.0 27.00 OK
r-devel-macos-x86_64 0.1.0 47.00 OK
r-devel-windows-x86_64 0.1.0 5.00 69.00 74.00 OK
r-patched-linux-x86_64 0.1.0 3.40 38.80 42.20 NOTE
r-release-linux-x86_64 0.1.0 3.21 38.85 42.06 NOTE
r-release-macos-arm64 0.1.0 28.00 NOTE
r-release-macos-x86_64 0.1.0 37.00 NOTE
r-release-windows-x86_64 0.1.0 5.00 70.00 75.00 NOTE
r-oldrel-macos-arm64 0.1.0 29.00 NOTE
r-oldrel-macos-x86_64 0.1.0 38.00 NOTE
r-oldrel-windows-x86_64 0.1.0 6.00 77.00 83.00 NOTE

Check Details

Version: 0.1.0
Check: dependencies in R code
Result: NOTE Namespaces in Imports field not imported from: ‘R6’ ‘crayon’ ‘digest’ ‘hash’ All declared Imports should be used. Flavors: r-devel-linux-x86_64-fedora-clang, r-devel-linux-x86_64-fedora-gcc

Version: 0.1.0
Check: LazyData
Result: NOTE 'LazyData' is specified without a 'data' directory Flavors: r-patched-linux-x86_64, r-release-linux-x86_64, r-release-macos-arm64, r-release-macos-x86_64, r-release-windows-x86_64, r-oldrel-macos-arm64, r-oldrel-macos-x86_64, r-oldrel-windows-x86_64