Last updated on 2025-02-16 09:50:47 CET.
Flavor | Version | Tinstall | Tcheck | Ttotal | Status | Flags |
---|---|---|---|---|---|---|
r-devel-linux-x86_64-debian-clang | 0.1.4 | 6.38 | 52.00 | 58.38 | OK | |
r-devel-linux-x86_64-debian-gcc | 0.1.4 | 4.93 | 39.58 | 44.51 | OK | |
r-devel-linux-x86_64-fedora-clang | 0.1.4 | 92.64 | OK | |||
r-devel-linux-x86_64-fedora-gcc | 0.1.4 | 87.03 | OK | |||
r-devel-macos-arm64 | 0.1.4 | 29.00 | OK | |||
r-devel-macos-x86_64 | 0.1.4 | 51.00 | OK | |||
r-devel-windows-x86_64 | 0.1.4 | 7.00 | 64.00 | 71.00 | OK | |
r-patched-linux-x86_64 | 0.1.4 | 6.03 | 49.08 | 55.11 | NOTE | |
r-release-linux-x86_64 | 0.1.4 | 5.72 | 49.09 | 54.81 | NOTE | |
r-release-macos-arm64 | 0.1.4 | 29.00 | NOTE | |||
r-release-macos-x86_64 | 0.1.4 | 46.00 | NOTE | |||
r-release-windows-x86_64 | 0.1.4 | 7.00 | 68.00 | 75.00 | NOTE | |
r-oldrel-macos-arm64 | 0.1.4 | 33.00 | NOTE | |||
r-oldrel-macos-x86_64 | 0.1.4 | 51.00 | NOTE | |||
r-oldrel-windows-x86_64 | 0.1.4 | 9.00 | 85.00 | 94.00 | NOTE |
Version: 0.1.4
Check: LazyData
Result: NOTE
'LazyData' is specified without a 'data' directory
Flavors: r-patched-linux-x86_64, r-release-linux-x86_64, r-release-macos-arm64, r-release-macos-x86_64, r-release-windows-x86_64, r-oldrel-macos-arm64, r-oldrel-macos-x86_64, r-oldrel-windows-x86_64