Last updated on 2025-05-10 09:50:38 CEST.
Flavor | Version | Tinstall | Tcheck | Ttotal | Status | Flags |
---|---|---|---|---|---|---|
r-devel-linux-x86_64-debian-clang | 1.9.7 | 15.65 | 368.21 | 383.86 | NOTE | |
r-devel-linux-x86_64-debian-gcc | 1.9.7 | 11.95 | 246.83 | 258.78 | NOTE | |
r-devel-linux-x86_64-fedora-clang | 1.9.7 | 658.63 | OK | |||
r-devel-linux-x86_64-fedora-gcc | 1.9.7 | 653.42 | OK | |||
r-devel-windows-x86_64 | 1.9.7 | 18.00 | 357.00 | 375.00 | NOTE | |
r-patched-linux-x86_64 | 1.9.7 | 18.14 | 353.62 | 371.76 | NOTE | |
r-release-linux-x86_64 | 1.9.7 | 18.42 | 349.17 | 367.59 | NOTE | |
r-release-macos-arm64 | 1.9.7 | 177.00 | OK | |||
r-release-macos-x86_64 | 1.9.7 | 333.00 | OK | |||
r-release-windows-x86_64 | 1.9.7 | 19.00 | 362.00 | 381.00 | NOTE | |
r-oldrel-macos-arm64 | 1.9.7 | 158.00 | OK | |||
r-oldrel-macos-x86_64 | 1.9.7 | 258.00 | OK | |||
r-oldrel-windows-x86_64 | 1.9.7 | 26.00 | 495.00 | 521.00 | OK |
Version: 1.9.7
Check: Rd cross-references
Result: NOTE
Found the following Rd file(s) with Rd \link{} targets missing package
anchors:
nlsLMList.formula.Rd: nlsList
predict_nlme.Rd: predict.nlme, predict.lme, predict.gnls
Please provide package anchors for all Rd \link{} targets not in the
package itself and the base packages.
Flavors: r-devel-linux-x86_64-debian-clang, r-devel-linux-x86_64-debian-gcc, r-devel-windows-x86_64, r-patched-linux-x86_64, r-release-linux-x86_64, r-release-windows-x86_64