Last updated on 2025-02-16 09:50:47 CET.
Flavor | Version | Tinstall | Tcheck | Ttotal | Status | Flags |
---|---|---|---|---|---|---|
r-devel-linux-x86_64-debian-clang | 2016.3.2 | 2.85 | 35.50 | 38.35 | OK | |
r-devel-linux-x86_64-debian-gcc | 2016.3.2 | 2.13 | 26.50 | 28.63 | OK | |
r-devel-linux-x86_64-fedora-clang | 2016.3.2 | 64.63 | OK | |||
r-devel-linux-x86_64-fedora-gcc | 2016.3.2 | 75.19 | OK | |||
r-devel-macos-arm64 | 2016.3.2 | 33.00 | OK | |||
r-devel-macos-x86_64 | 2016.3.2 | 66.00 | OK | |||
r-devel-windows-x86_64 | 2016.3.2 | 4.00 | 80.00 | 84.00 | OK | |
r-patched-linux-x86_64 | 2016.3.2 | 3.09 | 33.84 | 36.93 | NOTE | |
r-release-linux-x86_64 | 2016.3.2 | 2.78 | 33.68 | 36.46 | NOTE | |
r-release-macos-arm64 | 2016.3.2 | 28.00 | NOTE | |||
r-release-macos-x86_64 | 2016.3.2 | 45.00 | NOTE | |||
r-release-windows-x86_64 | 2016.3.2 | 4.00 | 75.00 | 79.00 | OK | |
r-oldrel-macos-arm64 | 2016.3.2 | 30.00 | OK | |||
r-oldrel-macos-x86_64 | 2016.3.2 | 46.00 | OK | |||
r-oldrel-windows-x86_64 | 2016.3.2 | 4.00 | 80.00 | 84.00 | OK |
Version: 2016.3.2
Check: package dependencies
Result: NOTE
Packages suggested but not available for checking: 'Rvmmin', 'Rcgmin'
Flavors: r-patched-linux-x86_64, r-release-linux-x86_64, r-release-macos-arm64, r-release-macos-x86_64