Last updated on 2025-02-16 09:50:47 CET.
Flavor | Version | Tinstall | Tcheck | Ttotal | Status | Flags |
---|---|---|---|---|---|---|
r-devel-linux-x86_64-debian-clang | 1.3.0 | 440.35 | 260.92 | 701.27 | OK | |
r-devel-linux-x86_64-debian-gcc | 1.3.0 | 283.83 | 188.81 | 472.64 | OK | |
r-devel-linux-x86_64-fedora-clang | 1.3.0 | 1335.65 | OK | |||
r-devel-linux-x86_64-fedora-gcc | 1.3.0 | 1249.68 | OK | |||
r-devel-macos-arm64 | 1.3.0 | 239.00 | OK | |||
r-devel-macos-x86_64 | 1.3.0 | 591.00 | OK | |||
r-devel-windows-x86_64 | 1.3.0 | 483.00 | 270.00 | 753.00 | OK | |
r-patched-linux-x86_64 | 1.3.0 | 417.08 | 264.81 | 681.89 | OK | |
r-release-linux-x86_64 | 1.3.0 | 419.33 | 263.42 | 682.75 | OK | |
r-release-macos-arm64 | 1.3.0 | 237.00 | NOTE | |||
r-release-macos-x86_64 | 1.3.0 | 593.00 | NOTE | |||
r-release-windows-x86_64 | 1.3.0 | 467.00 | 281.00 | 748.00 | NOTE | |
r-oldrel-macos-arm64 | 1.3.0 | 234.00 | NOTE | |||
r-oldrel-macos-x86_64 | 1.3.0 | 532.00 | NOTE | |||
r-oldrel-windows-x86_64 | 1.3.0 | 592.00 | 348.00 | 940.00 | NOTE |
Version: 1.3.0
Check: installed package size
Result: NOTE
installed size is 44.3Mb
sub-directories of 1Mb or more:
CppCode 3.5Mb
R 9.1Mb
classic-bugs 1.5Mb
include 11.5Mb
libs 17.9Mb
Flavors: r-release-macos-arm64, r-release-macos-x86_64, r-release-windows-x86_64, r-oldrel-macos-arm64, r-oldrel-macos-x86_64, r-oldrel-windows-x86_64