Last updated on 2025-02-16 09:50:47 CET.
Flavor | Version | Tinstall | Tcheck | Ttotal | Status | Flags |
---|---|---|---|---|---|---|
r-devel-linux-x86_64-debian-clang | 2.1 | 27.47 | 67.67 | 95.14 | NOTE | |
r-devel-linux-x86_64-debian-gcc | 2.1 | 21.62 | 50.15 | 71.77 | NOTE | |
r-devel-linux-x86_64-fedora-clang | 2.1 | 148.63 | NOTE | |||
r-devel-linux-x86_64-fedora-gcc | 2.1 | 154.96 | NOTE | |||
r-devel-macos-arm64 | 2.1 | 45.00 | NOTE | |||
r-devel-macos-x86_64 | 2.1 | 101.00 | NOTE | |||
r-devel-windows-x86_64 | 2.1 | 27.00 | 101.00 | 128.00 | NOTE | |
r-patched-linux-x86_64 | 2.1 | 28.92 | 62.35 | 91.27 | NOTE | |
r-release-linux-x86_64 | 2.1 | 28.14 | 61.99 | 90.13 | NOTE | |
r-release-macos-arm64 | 2.1 | 45.00 | NOTE | |||
r-release-macos-x86_64 | 2.1 | 66.00 | NOTE | |||
r-release-windows-x86_64 | 2.1 | 27.00 | 104.00 | 131.00 | NOTE | |
r-oldrel-macos-arm64 | 2.1 | 50.00 | NOTE | |||
r-oldrel-macos-x86_64 | 2.1 | 104.00 | NOTE | |||
r-oldrel-windows-x86_64 | 2.1 | 34.00 | 146.00 | 180.00 | NOTE |
Version: 2.1
Check: C++ specification
Result: NOTE
Specified C++14: please drop specification unless essential
Flavors: r-devel-linux-x86_64-debian-clang, r-devel-linux-x86_64-debian-gcc, r-devel-linux-x86_64-fedora-clang, r-devel-linux-x86_64-fedora-gcc, r-devel-macos-arm64, r-devel-macos-x86_64, r-devel-windows-x86_64, r-patched-linux-x86_64, r-release-linux-x86_64, r-release-macos-arm64, r-release-macos-x86_64, r-release-windows-x86_64, r-oldrel-macos-arm64, r-oldrel-macos-x86_64, r-oldrel-windows-x86_64
Version: 2.1
Check: for unstated dependencies in ‘demo’
Result: NOTE
'library' or 'require' call not declared from: ‘lattice’
Flavors: r-devel-linux-x86_64-debian-clang, r-devel-linux-x86_64-debian-gcc