CRAN Package Check Results for Package nftbart

Last updated on 2025-04-16 09:53:06 CEST.

Flavor Version Tinstall Tcheck Ttotal Status Flags
r-devel-linux-x86_64-debian-clang 2.1 27.39 67.16 94.55 NOTE
r-devel-linux-x86_64-debian-gcc 2.1 20.34 51.40 71.74 NOTE
r-devel-linux-x86_64-fedora-clang 2.1 150.42 NOTE
r-devel-linux-x86_64-fedora-gcc 2.1 151.25 NOTE
r-devel-windows-x86_64 2.1 29.00 101.00 130.00 NOTE
r-patched-linux-x86_64 2.1 28.40 65.38 93.78 NOTE
r-release-linux-x86_64 2.1 26.82 65.63 92.45 NOTE
r-release-macos-arm64 2.1 50.00 NOTE
r-release-macos-x86_64 2.1 91.00 NOTE
r-release-windows-x86_64 2.1 28.00 100.00 128.00 NOTE
r-oldrel-macos-arm64 2.1 45.00 NOTE
r-oldrel-macos-x86_64 2.1 66.00 NOTE
r-oldrel-windows-x86_64 2.1 36.00 121.00 157.00 NOTE

Check Details

Version: 2.1
Check: C++ specification
Result: NOTE Specified C++14: please drop specification unless essential Flavors: r-devel-linux-x86_64-debian-clang, r-devel-linux-x86_64-debian-gcc, r-devel-linux-x86_64-fedora-clang, r-devel-linux-x86_64-fedora-gcc, r-devel-windows-x86_64, r-patched-linux-x86_64, r-release-linux-x86_64, r-release-macos-arm64, r-release-macos-x86_64, r-release-windows-x86_64, r-oldrel-macos-arm64, r-oldrel-macos-x86_64, r-oldrel-windows-x86_64

Version: 2.1
Check: for unstated dependencies in ‘demo’
Result: NOTE 'library' or 'require' call not declared from: ‘lattice’ Flavors: r-devel-linux-x86_64-debian-clang, r-devel-linux-x86_64-debian-gcc, r-patched-linux-x86_64, r-release-linux-x86_64