Last updated on 2025-02-16 09:50:47 CET.
Flavor | Version | Tinstall | Tcheck | Ttotal | Status | Flags |
---|---|---|---|---|---|---|
r-devel-linux-x86_64-debian-clang | 1.2.0 | 6.94 | 78.45 | 85.39 | NOTE | |
r-devel-linux-x86_64-debian-gcc | 1.2.0 | 4.61 | 53.14 | 57.75 | NOTE | |
r-devel-linux-x86_64-fedora-clang | 1.2.0 | 136.12 | NOTE | |||
r-devel-linux-x86_64-fedora-gcc | 1.2.0 | 126.23 | NOTE | |||
r-devel-macos-arm64 | 1.2.0 | 42.00 | NOTE | |||
r-devel-macos-x86_64 | 1.2.0 | 87.00 | NOTE | |||
r-devel-windows-x86_64 | 1.2.0 | 10.00 | 96.00 | 106.00 | NOTE | |
r-patched-linux-x86_64 | 1.2.0 | 6.51 | 71.93 | 78.44 | NOTE | |
r-release-linux-x86_64 | 1.2.0 | 6.69 | 74.13 | 80.82 | NOTE | |
r-release-macos-arm64 | 1.2.0 | 41.00 | NOTE | |||
r-release-macos-x86_64 | 1.2.0 | 104.00 | NOTE | |||
r-release-windows-x86_64 | 1.2.0 | 9.00 | 89.00 | 98.00 | NOTE | |
r-oldrel-macos-arm64 | 1.2.0 | 47.00 | OK | |||
r-oldrel-macos-x86_64 | 1.2.0 | 69.00 | OK | |||
r-oldrel-windows-x86_64 | 1.2.0 | 10.00 | 104.00 | 114.00 | OK |
Version: 1.2.0
Check: Rd files
Result: NOTE
checkRd: (-1) load_schedules.Rd:27: Lost braces in \itemize; \value handles \item{}{} directly
checkRd: (-1) load_schedules.Rd:28: Lost braces in \itemize; \value handles \item{}{} directly
checkRd: (-1) load_schedules.Rd:29: Lost braces in \itemize; \value handles \item{}{} directly
checkRd: (-1) load_schedules.Rd:30: Lost braces in \itemize; \value handles \item{}{} directly
checkRd: (-1) load_schedules.Rd:31: Lost braces in \itemize; \value handles \item{}{} directly
checkRd: (-1) load_schedules.Rd:60: Lost braces in \itemize; \value handles \item{}{} directly
checkRd: (-1) load_schedules.Rd:61: Lost braces in \itemize; \value handles \item{}{} directly
checkRd: (-1) load_schedules.Rd:62: Lost braces in \itemize; \value handles \item{}{} directly
checkRd: (-1) load_schedules.Rd:63: Lost braces in \itemize; \value handles \item{}{} directly
Flavors: r-devel-linux-x86_64-debian-clang, r-devel-linux-x86_64-debian-gcc, r-devel-linux-x86_64-fedora-clang, r-devel-linux-x86_64-fedora-gcc, r-devel-macos-arm64, r-devel-macos-x86_64, r-devel-windows-x86_64, r-patched-linux-x86_64, r-release-linux-x86_64, r-release-macos-arm64, r-release-macos-x86_64, r-release-windows-x86_64