Last updated on 2025-02-19 09:50:57 CET.
Flavor | Version | Tinstall | Tcheck | Ttotal | Status | Flags |
---|---|---|---|---|---|---|
r-devel-linux-x86_64-debian-clang | 1.2.4 | 108.98 | 110.16 | 219.14 | OK | |
r-devel-linux-x86_64-debian-gcc | 1.2.4 | 70.46 | 80.05 | 150.51 | OK | |
r-devel-linux-x86_64-fedora-clang | 1.2.4 | 399.26 | OK | |||
r-devel-linux-x86_64-fedora-gcc | 1.2.4 | 379.10 | OK | |||
r-devel-macos-arm64 | 1.2.4 | 89.00 | OK | |||
r-devel-macos-x86_64 | 1.2.4 | 176.00 | OK | |||
r-devel-windows-x86_64 | 1.2.4 | 109.00 | 164.00 | 273.00 | OK | |
r-patched-linux-x86_64 | 1.2.4 | 103.91 | 104.46 | 208.37 | OK | |
r-release-linux-x86_64 | 1.2.4 | 101.49 | 103.02 | 204.51 | OK | |
r-release-macos-arm64 | 1.2.4 | 122.00 | NOTE | |||
r-release-macos-x86_64 | 1.2.4 | 210.00 | NOTE | |||
r-release-windows-x86_64 | 1.2.4 | 111.00 | 161.00 | 272.00 | OK | |
r-oldrel-macos-arm64 | 1.2.3 | 113.00 | NOTE | |||
r-oldrel-macos-x86_64 | 1.2.4 | 170.00 | NOTE | |||
r-oldrel-windows-x86_64 | 1.2.4 | 138.00 | 184.00 | 322.00 | OK |
Version: 1.2.4
Check: installed package size
Result: NOTE
installed size is 7.4Mb
sub-directories of 1Mb or more:
doc 1.7Mb
libs 5.4Mb
Flavors: r-release-macos-arm64, r-release-macos-x86_64, r-oldrel-macos-x86_64
Version: 1.2.3
Check: installed package size
Result: NOTE
installed size is 6.7Mb
sub-directories of 1Mb or more:
doc 1.6Mb
libs 4.9Mb
Flavor: r-oldrel-macos-arm64