Last updated on 2025-02-16 09:50:47 CET.
Flavor | Version | Tinstall | Tcheck | Ttotal | Status | Flags |
---|---|---|---|---|---|---|
r-devel-linux-x86_64-debian-clang | 0.1 | 27.51 | 57.35 | 84.86 | NOTE | |
r-devel-linux-x86_64-debian-gcc | 0.1 | 17.97 | 43.49 | 61.46 | NOTE | |
r-devel-linux-x86_64-fedora-clang | 0.1 | 141.64 | NOTE | |||
r-devel-linux-x86_64-fedora-gcc | 0.1 | 135.81 | NOTE | |||
r-devel-macos-arm64 | 0.1 | 41.00 | NOTE | |||
r-devel-macos-x86_64 | 0.1 | 77.00 | NOTE | |||
r-devel-windows-x86_64 | 0.1 | 29.00 | 90.00 | 119.00 | NOTE | |
r-patched-linux-x86_64 | 0.1 | 24.24 | 53.82 | 78.06 | NOTE | |
r-release-linux-x86_64 | 0.1 | 26.32 | 53.96 | 80.28 | NOTE | |
r-release-macos-arm64 | 0.1 | 38.00 | NOTE | |||
r-release-macos-x86_64 | 0.1 | 69.00 | NOTE | |||
r-release-windows-x86_64 | 0.1 | 29.00 | 92.00 | 121.00 | NOTE | |
r-oldrel-macos-arm64 | 0.1 | 47.00 | NOTE | |||
r-oldrel-macos-x86_64 | 0.1 | 71.00 | NOTE | |||
r-oldrel-windows-x86_64 | 0.1 | 37.00 | 131.00 | 168.00 | NOTE |
Version: 0.1
Check: C++ specification
Result: NOTE
Specified C++11: please drop specification unless essential
Flavors: r-devel-linux-x86_64-debian-clang, r-devel-linux-x86_64-debian-gcc, r-devel-linux-x86_64-fedora-clang, r-devel-linux-x86_64-fedora-gcc, r-devel-macos-arm64, r-devel-macos-x86_64, r-devel-windows-x86_64, r-patched-linux-x86_64, r-release-linux-x86_64, r-release-macos-arm64, r-release-macos-x86_64, r-release-windows-x86_64, r-oldrel-macos-arm64, r-oldrel-macos-x86_64, r-oldrel-windows-x86_64