Last updated on 2025-02-16 09:50:47 CET.
Flavor | Version | Tinstall | Tcheck | Ttotal | Status | Flags |
---|---|---|---|---|---|---|
r-devel-linux-x86_64-debian-clang | 1.0.1 | 41.86 | 28.61 | 70.47 | NOTE | |
r-devel-linux-x86_64-debian-gcc | 1.0.1 | 28.95 | 20.96 | 49.91 | NOTE | |
r-devel-linux-x86_64-fedora-clang | 1.0.1 | 117.86 | NOTE | |||
r-devel-linux-x86_64-fedora-gcc | 1.0.1 | 130.30 | NOTE | |||
r-devel-macos-arm64 | 1.0.1 | 38.00 | NOTE | |||
r-devel-macos-x86_64 | 1.0.1 | 60.00 | NOTE | |||
r-devel-windows-x86_64 | 1.0.1 | 37.00 | 68.00 | 105.00 | NOTE | |
r-patched-linux-x86_64 | 1.0.1 | 39.86 | 25.70 | 65.56 | NOTE | |
r-release-linux-x86_64 | 1.0.1 | 37.24 | 25.63 | 62.87 | NOTE | |
r-release-macos-arm64 | 1.0.1 | 33.00 | NOTE | |||
r-release-macos-x86_64 | 1.0.1 | 69.00 | NOTE | |||
r-release-windows-x86_64 | 1.0.1 | 39.00 | 73.00 | 112.00 | NOTE | |
r-oldrel-macos-arm64 | 1.0.1 | 36.00 | NOTE | |||
r-oldrel-macos-x86_64 | 1.0.1 | 71.00 | NOTE | |||
r-oldrel-windows-x86_64 | 1.0.1 | 51.00 | 86.00 | 137.00 | NOTE |
Version: 1.0.1
Check: C++ specification
Result: NOTE
Specified C++11: please drop specification unless essential
Flavors: r-devel-linux-x86_64-debian-clang, r-devel-linux-x86_64-debian-gcc, r-devel-linux-x86_64-fedora-clang, r-devel-linux-x86_64-fedora-gcc, r-devel-macos-arm64, r-devel-macos-x86_64, r-devel-windows-x86_64, r-patched-linux-x86_64, r-release-linux-x86_64, r-release-macos-arm64, r-release-macos-x86_64, r-release-windows-x86_64, r-oldrel-macos-arm64, r-oldrel-macos-x86_64, r-oldrel-windows-x86_64
Version: 1.0.1
Check: installed package size
Result: NOTE
installed size is 5.5Mb
sub-directories of 1Mb or more:
libs 5.4Mb
Flavors: r-release-macos-arm64, r-release-macos-x86_64, r-oldrel-macos-arm64, r-oldrel-macos-x86_64