Last updated on 2025-02-16 09:50:47 CET.
Flavor | Version | Tinstall | Tcheck | Ttotal | Status | Flags |
---|---|---|---|---|---|---|
r-devel-linux-x86_64-debian-clang | 2.1.0 | 7.41 | 73.42 | 80.83 | OK | |
r-devel-linux-x86_64-debian-gcc | 2.1.0 | 6.11 | 53.61 | 59.72 | OK | |
r-devel-linux-x86_64-fedora-clang | 2.1.0 | 132.15 | OK | |||
r-devel-linux-x86_64-fedora-gcc | 2.1.0 | 120.95 | OK | |||
r-devel-macos-arm64 | 2.1.0 | 40.00 | OK | |||
r-devel-macos-x86_64 | 2.1.0 | 97.00 | OK | |||
r-devel-windows-x86_64 | 2.1.0 | 9.00 | 92.00 | 101.00 | OK | |
r-patched-linux-x86_64 | 2.1.0 | 8.17 | 68.03 | 76.20 | OK | |
r-release-linux-x86_64 | 2.1.0 | 7.59 | 68.17 | 75.76 | OK | |
r-release-macos-arm64 | 2.1.0 | 40.00 | NOTE | |||
r-release-macos-x86_64 | 2.1.0 | 57.00 | NOTE | |||
r-release-windows-x86_64 | 2.1.0 | 10.00 | 92.00 | 102.00 | NOTE | |
r-oldrel-macos-arm64 | 2.1.0 | 41.00 | NOTE | |||
r-oldrel-macos-x86_64 | 2.1.0 | 59.00 | NOTE | |||
r-oldrel-windows-x86_64 | 2.1.0 | 12.00 | 105.00 | 117.00 | NOTE |
Version: 2.1.0
Check: installed package size
Result: NOTE
installed size is 6.3Mb
Flavors: r-release-macos-arm64, r-release-macos-x86_64, r-release-windows-x86_64, r-oldrel-macos-arm64, r-oldrel-macos-x86_64, r-oldrel-windows-x86_64