Last updated on 2025-02-16 09:50:47 CET.
Flavor | Version | Tinstall | Tcheck | Ttotal | Status | Flags |
---|---|---|---|---|---|---|
r-devel-linux-x86_64-debian-clang | 1.3.2 | 1.57 | 37.67 | 39.24 | NOTE | |
r-devel-linux-x86_64-debian-gcc | 1.3.2 | 1.33 | 26.98 | 28.31 | NOTE | |
r-devel-linux-x86_64-fedora-clang | 1.3.2 | 55.13 | NOTE | |||
r-devel-linux-x86_64-fedora-gcc | 1.3.2 | 53.99 | NOTE | |||
r-devel-macos-arm64 | 1.3.2 | 14.00 | NOTE | |||
r-devel-macos-x86_64 | 1.3.2 | 27.00 | NOTE | |||
r-devel-windows-x86_64 | 1.3.2 | 2.00 | 40.00 | 42.00 | NOTE | |
r-patched-linux-x86_64 | 1.3.2 | 1.64 | 35.65 | 37.29 | NOTE | |
r-release-linux-x86_64 | 1.3.2 | 1.62 | 35.33 | 36.95 | NOTE | |
r-release-macos-arm64 | 1.3.2 | 14.00 | NOTE | |||
r-release-macos-x86_64 | 1.3.2 | 33.00 | NOTE | |||
r-release-windows-x86_64 | 1.3.2 | 3.00 | 52.00 | 55.00 | NOTE | |
r-oldrel-macos-arm64 | 1.3.2 | 15.00 | OK | |||
r-oldrel-macos-x86_64 | 1.3.2 | 19.00 | OK | |||
r-oldrel-windows-x86_64 | 1.3.2 | 2.00 | 44.00 | 46.00 | OK |
Version: 1.3.2
Check: Rd files
Result: NOTE
checkRd: (-1) nbconvert.Rd:49: Lost braces in \enumerate; meant \describe ?
checkRd: (-1) nbconvert.Rd:50: Lost braces in \enumerate; meant \describe ?
Flavors: r-devel-linux-x86_64-debian-clang, r-devel-linux-x86_64-debian-gcc, r-devel-linux-x86_64-fedora-clang, r-devel-linux-x86_64-fedora-gcc, r-devel-macos-arm64, r-devel-macos-x86_64, r-devel-windows-x86_64, r-patched-linux-x86_64, r-release-linux-x86_64, r-release-macos-arm64, r-release-macos-x86_64, r-release-windows-x86_64