Last updated on 2025-02-16 09:50:47 CET.
Flavor | Version | Tinstall | Tcheck | Ttotal | Status | Flags |
---|---|---|---|---|---|---|
r-devel-linux-x86_64-debian-clang | 0.9.0 | 5.96 | 60.57 | 66.53 | NOTE | |
r-devel-linux-x86_64-debian-gcc | 0.9.0 | 4.57 | 47.01 | 51.58 | NOTE | |
r-devel-linux-x86_64-fedora-clang | 0.9.0 | 106.97 | OK | |||
r-devel-linux-x86_64-fedora-gcc | 0.9.0 | 113.17 | OK | |||
r-devel-macos-arm64 | 0.9.0 | 42.00 | OK | |||
r-devel-macos-x86_64 | 0.9.0 | 69.00 | OK | |||
r-devel-windows-x86_64 | 0.9.0 | 9.00 | 81.00 | 90.00 | NOTE | |
r-patched-linux-x86_64 | 0.9.0 | 13.31 | 57.63 | 70.94 | OK | |
r-release-linux-x86_64 | 0.9.0 | 6.02 | 56.73 | 62.75 | OK | |
r-release-macos-arm64 | 0.9.0 | 37.00 | OK | |||
r-release-macos-x86_64 | 0.9.0 | 53.00 | OK | |||
r-release-windows-x86_64 | 0.9.0 | 8.00 | 79.00 | 87.00 | OK | |
r-oldrel-macos-arm64 | 0.9.0 | 37.00 | OK | |||
r-oldrel-macos-x86_64 | 0.9.0 | 67.00 | OK | |||
r-oldrel-windows-x86_64 | 0.9.0 | 10.00 | 87.00 | 97.00 | OK |
Version: 0.9.0
Check: Rd cross-references
Result: NOTE
Found the following Rd file(s) with Rd \link{} targets missing package
anchors:
influencePlot.mlm.Rd: showLabels
Please provide package anchors for all Rd \link{} targets not in the
package itself and the base packages.
Flavors: r-devel-linux-x86_64-debian-clang, r-devel-linux-x86_64-debian-gcc, r-devel-windows-x86_64