Last updated on 2025-02-16 09:50:47 CET.
Flavor | Version | Tinstall | Tcheck | Ttotal | Status | Flags |
---|---|---|---|---|---|---|
r-devel-linux-x86_64-debian-clang | 1.0-8 | 2.49 | 35.68 | 38.17 | NOTE | |
r-devel-linux-x86_64-debian-gcc | 1.0-8 | 2.10 | 26.59 | 28.69 | NOTE | |
r-devel-linux-x86_64-fedora-clang | 1.0-8 | 59.47 | OK | |||
r-devel-linux-x86_64-fedora-gcc | 1.0-8 | 68.53 | OK | |||
r-devel-macos-arm64 | 1.0-8 | 28.00 | OK | |||
r-devel-macos-x86_64 | 1.0-8 | 49.00 | OK | |||
r-devel-windows-x86_64 | 1.0-8 | 4.00 | 62.00 | 66.00 | OK | |
r-patched-linux-x86_64 | 1.0-8 | 2.64 | 31.58 | 34.22 | OK | |
r-release-linux-x86_64 | 1.0-8 | 2.76 | 31.30 | 34.06 | OK | |
r-release-macos-arm64 | 1.0-8 | 42.00 | OK | |||
r-release-macos-x86_64 | 1.0-8 | 42.00 | OK | |||
r-release-windows-x86_64 | 1.0-8 | 5.00 | 62.00 | 67.00 | OK | |
r-oldrel-macos-arm64 | 1.0-8 | 29.00 | OK | |||
r-oldrel-macos-x86_64 | 1.0-8 | 87.00 | OK | |||
r-oldrel-windows-x86_64 | 1.0-8 | 4.00 | 58.00 | 62.00 | OK |
Version: 1.0-8
Check: for unstated dependencies in ‘demo’
Result: NOTE
'library' or 'require' call not declared from: ‘mvtnorm’
Flavors: r-devel-linux-x86_64-debian-clang, r-devel-linux-x86_64-debian-gcc