Last updated on 2025-02-16 09:50:47 CET.
Flavor | Version | Tinstall | Tcheck | Ttotal | Status | Flags |
---|---|---|---|---|---|---|
r-devel-linux-x86_64-debian-clang | 0.1-10 | 3.63 | 165.02 | 168.65 | OK | |
r-devel-linux-x86_64-debian-gcc | 0.1-10 | 2.37 | 102.70 | 105.07 | OK | |
r-devel-linux-x86_64-fedora-clang | 0.1-10 | 274.40 | OK | |||
r-devel-linux-x86_64-fedora-gcc | 0.1-10 | 260.13 | OK | |||
r-devel-macos-arm64 | 0.1-10 | 69.00 | OK | |||
r-devel-macos-x86_64 | 0.1-10 | 154.00 | OK | |||
r-devel-windows-x86_64 | 0.1-10 | 5.00 | 176.00 | 181.00 | OK | |
r-patched-linux-x86_64 | 0.1-10 | 4.18 | 168.98 | 173.16 | OK | |
r-release-linux-x86_64 | 0.1-10 | 3.24 | 158.90 | 162.14 | OK | |
r-release-macos-arm64 | 0.1-10 | 69.00 | OK | |||
r-release-macos-x86_64 | 0.1-10 | 118.00 | OK | |||
r-release-windows-x86_64 | 0.1-10 | 5.00 | 183.00 | 188.00 | OK | |
r-oldrel-macos-arm64 | 0.1-10 | 76.00 | OK | |||
r-oldrel-macos-x86_64 | 0.1-10 | 151.00 | NOTE | |||
r-oldrel-windows-x86_64 | 0.1-10 | 6.00 | 231.00 | 237.00 | OK |
Version: 0.1-10
Check: Rd cross-references
Result: NOTE
Package unavailable to check Rd xrefs: ‘sampleSelection’
Flavor: r-oldrel-macos-x86_64