CRAN Package Check Results for Package musica

Last updated on 2025-02-16 09:50:47 CET.

Flavor Version Tinstall Tcheck Ttotal Status Flags
r-devel-linux-x86_64-debian-clang 0.1.3 10.12 95.68 105.80 NOTE
r-devel-linux-x86_64-debian-gcc 0.1.3 6.54 66.39 72.93 NOTE
r-devel-linux-x86_64-fedora-clang 0.1.3 160.10 OK
r-devel-linux-x86_64-fedora-gcc 0.1.3 159.86 OK
r-devel-macos-arm64 0.1.3 49.00 OK
r-devel-macos-x86_64 0.1.3 136.00 OK
r-devel-windows-x86_64 0.1.3 9.00 94.00 103.00 NOTE
r-patched-linux-x86_64 0.1.3 10.22 85.24 95.46 OK
r-release-linux-x86_64 0.1.3 8.67 83.68 92.35 OK
r-release-macos-arm64 0.1.3 46.00 OK
r-release-macos-x86_64 0.1.3 95.00 OK
r-release-windows-x86_64 0.1.3 10.00 95.00 105.00 OK
r-oldrel-macos-arm64 0.1.3 52.00 OK
r-oldrel-macos-x86_64 0.1.3 83.00 OK
r-oldrel-windows-x86_64 0.1.3 12.00 116.00 128.00 OK

Check Details

Version: 0.1.3
Check: Rd cross-references
Result: NOTE Found the following Rd file(s) with Rd \link{} targets missing package anchors: msTrans_abs.Rd: doQmapQUANT, qmap tscale.Rd: lubridate Please provide package anchors for all Rd \link{} targets not in the package itself and the base packages. Flavors: r-devel-linux-x86_64-debian-clang, r-devel-linux-x86_64-debian-gcc, r-devel-windows-x86_64