Last updated on 2025-02-16 09:50:47 CET.
Flavor | Version | Tinstall | Tcheck | Ttotal | Status | Flags |
---|---|---|---|---|---|---|
r-devel-linux-x86_64-debian-clang | 0.6.2 | 9.10 | 128.63 | 137.73 | NOTE | |
r-devel-linux-x86_64-debian-gcc | 0.6.2 | 5.36 | 90.50 | 95.86 | NOTE | |
r-devel-linux-x86_64-fedora-clang | 0.6.2 | 220.06 | NOTE | |||
r-devel-linux-x86_64-fedora-gcc | 0.6.2 | 221.14 | NOTE | |||
r-devel-macos-arm64 | 0.6.2 | 91.00 | OK | |||
r-devel-macos-x86_64 | 0.6.2 | 231.00 | NOTE | |||
r-devel-windows-x86_64 | 0.6.2 | 11.00 | 166.00 | 177.00 | NOTE | |
r-patched-linux-x86_64 | 0.6.2 | 8.59 | 119.32 | 127.91 | OK | |
r-release-linux-x86_64 | 0.6.2 | 8.14 | 119.80 | 127.94 | OK | |
r-release-macos-arm64 | 0.6.2 | 92.00 | OK | |||
r-release-macos-x86_64 | 0.6.2 | 119.00 | OK | |||
r-release-windows-x86_64 | 0.6.2 | 11.00 | 168.00 | 179.00 | OK | |
r-oldrel-macos-arm64 | 0.6.2 | 96.00 | OK | |||
r-oldrel-macos-x86_64 | 0.6.2 | 130.00 | OK | |||
r-oldrel-windows-x86_64 | 0.6.2 | 15.00 | 237.00 | 252.00 | OK |
Version: 0.6.2
Check: DESCRIPTION meta-information
Result: NOTE
Missing dependency on R >= 4.1.0 because package code uses the pipe
|> or function shorthand \(...) syntax added in R 4.1.0.
File(s) using such syntax:
‘accessors.R’ ‘export_json.R’ ‘extract.R’
Flavors: r-devel-linux-x86_64-debian-clang, r-devel-linux-x86_64-debian-gcc, r-devel-linux-x86_64-fedora-clang, r-devel-linux-x86_64-fedora-gcc, r-devel-macos-x86_64, r-devel-windows-x86_64