Last updated on 2025-10-28 08:50:12 CET.
| Flavor | Version | Tinstall | Tcheck | Ttotal | Status | Flags | 
|---|---|---|---|---|---|---|
| r-devel-linux-x86_64-debian-clang | 1.0.0 | 134.38 | 124.82 | 259.20 | NOTE | |
| r-devel-linux-x86_64-debian-gcc | 1.0.0 | 131.34 | 97.70 | 229.04 | NOTE | |
| r-devel-linux-x86_64-fedora-clang | 1.0.0 | 261.00 | 141.81 | 402.81 | OK | |
| r-devel-linux-x86_64-fedora-gcc | 1.0.0 | 383.00 | 96.69 | 479.69 | OK | |
| r-devel-windows-x86_64 | 1.0.0 | 158.00 | 139.00 | 297.00 | OK | |
| r-patched-linux-x86_64 | 1.0.0 | 156.35 | 128.29 | 284.64 | OK | |
| r-release-linux-x86_64 | 1.0.0 | 158.99 | 131.33 | 290.32 | OK | |
| r-release-macos-arm64 | 1.0.0 | 50.00 | 41.00 | 91.00 | OK | |
| r-release-macos-x86_64 | 1.0.0 | 223.00 | 115.00 | 338.00 | OK | |
| r-release-windows-x86_64 | 1.0.0 | 160.00 | 149.00 | 309.00 | OK | |
| r-oldrel-macos-arm64 | 1.0.0 | 29.00 | 29.00 | 58.00 | NOTE | |
| r-oldrel-macos-x86_64 | 1.0.0 | 55.00 | 48.00 | 103.00 | NOTE | |
| r-oldrel-windows-x86_64 | 1.0.0 | 177.00 | 188.00 | 365.00 | NOTE | 
Version: 1.0.0
Check: CRAN incoming feasibility
Result: NOTE
  Maintainer: ‘Yuqi Tian <yuqitian35@gmail.com>’
  
  The Description field contains
    with Semiparametric Cumulative Probability Models". <arXiv:2207.02815>.
  Please refer to arXiv e-prints via their arXiv DOI <doi:10.48550/arXiv.YYMM.NNNNN>.
Flavors: r-devel-linux-x86_64-debian-clang, r-devel-linux-x86_64-debian-gcc
Version: 1.0.0
Check: installed package size
Result: NOTE
    installed size is 42.6Mb
    sub-directories of 1Mb or more:
      libs  42.3Mb
Flavors: r-oldrel-macos-arm64, r-oldrel-macos-x86_64
Version: 1.0.0
Check: for GNU extensions in Makefiles
Result: NOTE
  GNU make is a SystemRequirements.
Flavors: r-oldrel-macos-arm64, r-oldrel-macos-x86_64, r-oldrel-windows-x86_64