Last updated on 2025-02-16 09:50:47 CET.
Flavor | Version | Tinstall | Tcheck | Ttotal | Status | Flags |
---|---|---|---|---|---|---|
r-devel-linux-x86_64-debian-clang | 0.2.0 | 57.33 | 907.43 | 964.76 | NOTE | |
r-devel-linux-x86_64-debian-gcc | 0.2.0 | 47.16 | 670.42 | 717.58 | NOTE | |
r-devel-linux-x86_64-fedora-clang | 0.2.0 | 1649.86 | NOTE | |||
r-devel-linux-x86_64-fedora-gcc | 0.2.0 | 1470.20 | NOTE | |||
r-devel-macos-arm64 | 0.2.0 | 363.00 | OK | |||
r-devel-macos-x86_64 | 0.2.0 | 1201.00 | NOTE | |||
r-devel-windows-x86_64 | 0.2.0 | 52.00 | 848.00 | 900.00 | NOTE | |
r-patched-linux-x86_64 | 0.2.0 | 59.48 | 892.25 | 951.73 | OK | |
r-release-linux-x86_64 | 0.2.0 | 55.94 | 882.59 | 938.53 | OK | |
r-release-macos-arm64 | 0.2.0 | 328.00 | OK | |||
r-release-macos-x86_64 | 0.2.0 | 884.00 | OK | |||
r-release-windows-x86_64 | 0.2.0 | 53.00 | 836.00 | 889.00 | OK | |
r-oldrel-macos-arm64 | 0.2.0 | 386.00 | OK | |||
r-oldrel-macos-x86_64 | 0.2.0 | 1031.00 | OK | |||
r-oldrel-windows-x86_64 | 0.2.0 | 73.00 | 1051.00 | 1124.00 | OK |
Version: 0.2.0
Check: DESCRIPTION meta-information
Result: NOTE
Missing dependency on R >= 4.2.0 because package code uses the pipe
placeholder syntax added in R 4.2.0.
File(s) using such syntax:
‘predict.R’ ‘sensitivity.R’ ‘treatment_profile.R’
Flavors: r-devel-linux-x86_64-debian-clang, r-devel-linux-x86_64-debian-gcc, r-devel-linux-x86_64-fedora-clang, r-devel-linux-x86_64-fedora-gcc, r-devel-macos-x86_64, r-devel-windows-x86_64