Last updated on 2025-02-16 09:50:47 CET.
Flavor | Version | Tinstall | Tcheck | Ttotal | Status | Flags |
---|---|---|---|---|---|---|
r-devel-linux-x86_64-debian-clang | 0.8.9.0 | 38.60 | 221.88 | 260.48 | OK | |
r-devel-linux-x86_64-debian-gcc | 0.8.9.0 | 27.32 | 169.07 | 196.39 | OK | |
r-devel-linux-x86_64-fedora-clang | 0.8.9.0 | 462.55 | OK | |||
r-devel-linux-x86_64-fedora-gcc | 0.8.9.0 | 479.51 | OK | |||
r-devel-macos-arm64 | 0.8.9.0 | 153.00 | OK | |||
r-devel-macos-x86_64 | 0.8.9.0 | 288.00 | OK | |||
r-devel-windows-x86_64 | 0.8.9.0 | 43.00 | 233.00 | 276.00 | OK | |
r-patched-linux-x86_64 | 0.8.9.0 | 40.13 | 210.54 | 250.67 | OK | |
r-release-linux-x86_64 | 0.8.9.0 | 39.09 | 209.55 | 248.64 | OK | |
r-release-macos-arm64 | 0.8.9.0 | 140.00 | NOTE | |||
r-release-macos-x86_64 | 0.8.9.0 | 299.00 | NOTE | |||
r-release-windows-x86_64 | 0.8.9.0 | 43.00 | 237.00 | 280.00 | OK | |
r-oldrel-macos-arm64 | 0.8.8.2 | 254.00 | NOTE | |||
r-oldrel-macos-x86_64 | 0.8.9.0 | 294.00 | NOTE | |||
r-oldrel-windows-x86_64 | 0.8.9.0 | 54.00 | 291.00 | 345.00 | OK |
Version: 0.8.9.0
Check: installed package size
Result: NOTE
installed size is 9.9Mb
sub-directories of 1Mb or more:
doc 1.5Mb
libs 7.2Mb
Flavors: r-release-macos-arm64, r-release-macos-x86_64, r-oldrel-macos-x86_64
Version: 0.8.8.2
Check: installed package size
Result: NOTE
installed size is 10.0Mb
sub-directories of 1Mb or more:
doc 1.5Mb
libs 7.2Mb
Flavor: r-oldrel-macos-arm64