CRAN Package Check Results for Package msigdbr

Last updated on 2025-04-15 09:52:26 CEST.

Flavor Version Tinstall Tcheck Ttotal Status Flags
r-devel-linux-x86_64-debian-clang 10.0.1 4.15 40.00 44.15 OK
r-devel-linux-x86_64-debian-gcc 10.0.1 2.85 29.14 31.99 OK
r-devel-linux-x86_64-fedora-clang 10.0.2 75.38 OK
r-devel-linux-x86_64-fedora-gcc 10.0.2 71.01 OK
r-devel-windows-x86_64 10.0.2 6.00 58.00 64.00 OK
r-patched-linux-x86_64 10.0.1 4.46 38.03 42.49 OK
r-release-linux-x86_64 10.0.1 3.73 37.49 41.22 OK
r-release-macos-arm64 10.0.2 25.00 OK
r-release-macos-x86_64 10.0.2 39.00 OK
r-release-windows-x86_64 10.0.1 6.00 56.00 62.00 OK
r-oldrel-macos-arm64 10.0.2 30.00 NOTE
r-oldrel-macos-x86_64 10.0.2 46.00 NOTE
r-oldrel-windows-x86_64 10.0.1 7.00 61.00 68.00 NOTE

Check Details

Version: 10.0.2
Check: package dependencies
Result: NOTE Package suggested but not available for checking: ‘msigdbdf’ Flavors: r-oldrel-macos-arm64, r-oldrel-macos-x86_64

Version: 10.0.1
Check: package dependencies
Result: NOTE Package suggested but not available for checking: 'msigdbdf' Flavor: r-oldrel-windows-x86_64