Last updated on 2025-02-16 09:50:47 CET.
Flavor | Version | Tinstall | Tcheck | Ttotal | Status | Flags |
---|---|---|---|---|---|---|
r-devel-linux-x86_64-debian-clang | 3.0.0 | 18.37 | 117.60 | 135.97 | NOTE | |
r-devel-linux-x86_64-debian-gcc | 3.0.0 | 12.41 | 78.79 | 91.20 | NOTE | |
r-devel-linux-x86_64-fedora-clang | 3.0.0 | 217.12 | NOTE | |||
r-devel-linux-x86_64-fedora-gcc | 3.0.0 | 200.81 | NOTE | |||
r-devel-macos-arm64 | 3.0.0 | 54.00 | OK | |||
r-devel-macos-x86_64 | 3.0.0 | 111.00 | NOTE | |||
r-devel-windows-x86_64 | 3.0.0 | 18.00 | 137.00 | 155.00 | NOTE | |
r-patched-linux-x86_64 | 3.0.0 | 18.72 | 109.52 | 128.24 | OK | |
r-release-linux-x86_64 | 3.0.0 | 13.90 | 110.75 | 124.65 | OK | |
r-release-macos-arm64 | 3.0.0 | 57.00 | OK | |||
r-release-macos-x86_64 | 3.0.0 | 118.00 | OK | |||
r-release-windows-x86_64 | 3.0.0 | 19.00 | 143.00 | 162.00 | OK | |
r-oldrel-macos-arm64 | 3.0.0 | 55.00 | OK | |||
r-oldrel-macos-x86_64 | 3.0.0 | 119.00 | OK | |||
r-oldrel-windows-x86_64 | 3.0.0 | 26.00 | 184.00 | 210.00 | OK |
Version: 3.0.0
Check: DESCRIPTION meta-information
Result: NOTE
Missing dependency on R >= 4.1.0 because package code uses the pipe
|> or function shorthand \(...) syntax added in R 4.1.0.
File(s) using such syntax:
‘detfct.fit.opt.R’
Flavors: r-devel-linux-x86_64-debian-clang, r-devel-linux-x86_64-debian-gcc, r-devel-linux-x86_64-fedora-clang, r-devel-linux-x86_64-fedora-gcc, r-devel-macos-x86_64, r-devel-windows-x86_64