Last updated on 2025-10-28 08:50:12 CET.
| Flavor | Version | Tinstall | Tcheck | Ttotal | Status | Flags | 
|---|---|---|---|---|---|---|
| r-devel-linux-x86_64-debian-clang | 0.5.2 | 484.36 | 174.22 | 658.58 | OK | |
| r-devel-linux-x86_64-debian-gcc | 0.5.2 | 428.98 | 159.50 | 588.48 | OK | |
| r-devel-linux-x86_64-fedora-clang | 0.5.2 | 1020.00 | 18.70 | 1038.70 | OK | |
| r-devel-linux-x86_64-fedora-gcc | 0.5.2 | 1440.00 | -35.63 | 1404.37 | OK | |
| r-devel-windows-x86_64 | 0.5.2 | 573.00 | 232.00 | 805.00 | OK | |
| r-patched-linux-x86_64 | 0.5.2 | 567.63 | 218.82 | 786.45 | OK | |
| r-release-linux-x86_64 | 0.5.2 | 588.73 | 220.74 | 809.47 | OK | |
| r-release-macos-arm64 | 0.5.2 | 204.00 | 62.00 | 266.00 | OK | |
| r-release-macos-x86_64 | 0.5.2 | 217.00 | 133.00 | 350.00 | OK | |
| r-release-windows-x86_64 | 0.5.2 | 582.00 | 240.00 | 822.00 | OK | |
| r-oldrel-macos-arm64 | 0.5.2 | 103.00 | 38.00 | 141.00 | NOTE | |
| r-oldrel-macos-x86_64 | 0.5.2 | 70.00 | 73.00 | 143.00 | NOTE | |
| r-oldrel-windows-x86_64 | 0.5.2 | 642.00 | 300.00 | 942.00 | NOTE | 
Version: 0.5.2
Check: installed package size
Result: NOTE
    installed size is 92.1Mb
    sub-directories of 1Mb or more:
      libs  91.8Mb
Flavors: r-oldrel-macos-arm64, r-oldrel-macos-x86_64
Version: 0.5.2
Check: for GNU extensions in Makefiles
Result: NOTE
  GNU make is a SystemRequirements.
Flavors: r-oldrel-macos-arm64, r-oldrel-macos-x86_64, r-oldrel-windows-x86_64