CRAN Package Check Results for Package mpmi

Last updated on 2025-04-16 09:53:05 CEST.

Flavor Version Tinstall Tcheck Ttotal Status Flags
r-devel-linux-x86_64-debian-clang 0.43.2.1 5.37 27.08 32.45 OK
r-devel-linux-x86_64-debian-gcc 0.43.2.1 3.43 20.95 24.38 OK
r-devel-linux-x86_64-fedora-clang 0.43.2.1 48.97 NOTE
r-devel-linux-x86_64-fedora-gcc 0.43.2.1 60.50 NOTE
r-devel-windows-x86_64 0.43.2.1 9.00 64.00 73.00 OK
r-patched-linux-x86_64 0.43.2.1 4.54 24.98 29.52 OK
r-release-linux-x86_64 0.43.2.1 4.42 24.95 29.37 OK
r-release-macos-arm64 0.43.2.1 29.00 OK
r-release-macos-x86_64 0.43.2.1 53.00 OK
r-release-windows-x86_64 0.43.2.1 10.00 66.00 76.00 OK
r-oldrel-macos-arm64 0.43.2.1 26.00 OK
r-oldrel-macos-x86_64 0.43.2.1 61.00 OK
r-oldrel-windows-x86_64 0.43.2.1 10.00 66.00 76.00 OK

Check Details

Version: 0.43.2.1
Check: compiled code
Result: NOTE File ‘mpmi/libs/mpmi.so’: Found no calls to: ‘R_registerRoutines’, ‘R_useDynamicSymbols’ It is good practice to register native routines and to disable symbol search. See ‘Writing portable packages’ in the ‘Writing R Extensions’ manual. Flavors: r-devel-linux-x86_64-fedora-clang, r-devel-linux-x86_64-fedora-gcc