Last updated on 2025-02-16 09:50:47 CET.
Flavor | Version | Tinstall | Tcheck | Ttotal | Status | Flags |
---|---|---|---|---|---|---|
r-devel-linux-x86_64-debian-clang | 1.0.0 | 1.84 | 20.14 | 21.98 | OK | |
r-devel-linux-x86_64-debian-gcc | 1.0.0 | 1.45 | 15.92 | 17.37 | OK | |
r-devel-linux-x86_64-fedora-clang | 1.0.0 | 35.83 | NOTE | |||
r-devel-linux-x86_64-fedora-gcc | 1.0.0 | 33.51 | NOTE | |||
r-devel-macos-arm64 | 1.0.0 | 16.00 | OK | |||
r-devel-macos-x86_64 | 1.0.0 | 26.00 | OK | |||
r-devel-windows-x86_64 | 1.0.0 | 3.00 | 45.00 | 48.00 | OK | |
r-patched-linux-x86_64 | 1.0.0 | 1.42 | 19.45 | 20.87 | OK | |
r-release-linux-x86_64 | 1.0.0 | 1.71 | 19.38 | 21.09 | OK | |
r-release-macos-arm64 | 1.0.0 | 15.00 | OK | |||
r-release-macos-x86_64 | 1.0.0 | 22.00 | OK | |||
r-release-windows-x86_64 | 1.0.0 | 3.00 | 44.00 | 47.00 | OK | |
r-oldrel-macos-arm64 | 1.0.0 | 20.00 | OK | |||
r-oldrel-macos-x86_64 | 1.0.0 | 21.00 | OK | |||
r-oldrel-windows-x86_64 | 1.0.0 | 3.00 | 50.00 | 53.00 | OK |
Version: 1.0.0
Check: dependencies in R code
Result: NOTE
Namespace in Imports field not imported from: ‘utils’
All declared Imports should be used.
Flavors: r-devel-linux-x86_64-fedora-clang, r-devel-linux-x86_64-fedora-gcc