Last updated on 2025-10-27 08:49:59 CET.
| Flavor | Version | Tinstall | Tcheck | Ttotal | Status | Flags |
|---|---|---|---|---|---|---|
| r-devel-linux-x86_64-debian-clang | 1.2.0 | 13.83 | 144.15 | 157.98 | NOTE | |
| r-devel-linux-x86_64-debian-gcc | 1.2.0 | 9.76 | 104.52 | 114.28 | NOTE | |
| r-devel-linux-x86_64-fedora-clang | 1.2.0 | 31.00 | 219.37 | 250.37 | OK | |
| r-devel-linux-x86_64-fedora-gcc | 1.2.0 | 28.00 | 260.87 | 288.87 | OK | |
| r-devel-windows-x86_64 | 1.2.0 | 16.00 | 141.00 | 157.00 | NOTE | |
| r-patched-linux-x86_64 | 1.2.0 | 13.11 | 134.21 | 147.32 | NOTE | |
| r-release-linux-x86_64 | 1.2.0 | 12.74 | 135.83 | 148.57 | NOTE | |
| r-release-macos-arm64 | 1.2.0 | 7.00 | 90.00 | 97.00 | OK | |
| r-release-macos-x86_64 | 1.2.0 | 11.00 | 156.00 | 167.00 | OK | |
| r-release-windows-x86_64 | 1.2.0 | 14.00 | 140.00 | 154.00 | NOTE | |
| r-oldrel-macos-arm64 | 1.2.0 | 6.00 | 92.00 | 98.00 | OK | |
| r-oldrel-macos-x86_64 | 1.2.0 | 9.00 | 123.00 | 132.00 | OK | |
| r-oldrel-windows-x86_64 | 1.2.0 | 20.00 | 185.00 | 205.00 | OK |
Version: 1.2.0
Check: Rd cross-references
Result: NOTE
Found the following Rd file(s) with Rd \link{} targets missing package
anchors:
model_grid.Rd: train
Please provide package anchors for all Rd \link{} targets not in the
package itself and the base packages.
Flavors: r-devel-linux-x86_64-debian-clang, r-devel-linux-x86_64-debian-gcc, r-devel-windows-x86_64, r-patched-linux-x86_64, r-release-linux-x86_64, r-release-windows-x86_64