Last updated on 2025-02-16 09:50:47 CET.
Flavor | Version | Tinstall | Tcheck | Ttotal | Status | Flags |
---|---|---|---|---|---|---|
r-devel-linux-x86_64-debian-clang | 1.0.4 | 54.51 | 82.87 | 137.38 | NOTE | |
r-devel-linux-x86_64-debian-gcc | 1.0.4 | 39.04 | 61.38 | 100.42 | NOTE | |
r-devel-linux-x86_64-fedora-clang | 1.0.4 | 252.06 | NOTE | |||
r-devel-linux-x86_64-fedora-gcc | 1.0.4 | 256.46 | NOTE | |||
r-devel-macos-arm64 | 1.0.4 | 68.00 | NOTE | |||
r-devel-macos-x86_64 | 1.0.4 | 113.00 | NOTE | |||
r-devel-windows-x86_64 | 1.0.4 | 61.00 | 109.00 | 170.00 | NOTE | |
r-patched-linux-x86_64 | 1.0.4 | 55.81 | 77.56 | 133.37 | NOTE | |
r-release-linux-x86_64 | 1.0.4 | 53.55 | 76.65 | 130.20 | NOTE | |
r-release-macos-arm64 | 1.0.4 | 68.00 | NOTE | |||
r-release-macos-x86_64 | 1.0.4 | 86.00 | NOTE | |||
r-release-windows-x86_64 | 1.0.4 | 61.00 | 116.00 | 177.00 | NOTE | |
r-oldrel-macos-arm64 | 1.0.4 | 77.00 | NOTE | |||
r-oldrel-macos-x86_64 | 1.0.4 | 123.00 | NOTE | |||
r-oldrel-windows-x86_64 | 1.0.4 | 75.00 | 134.00 | 209.00 | NOTE |
Version: 1.0.4
Check: C++ specification
Result: NOTE
Specified C++11: please drop specification unless essential
Flavors: r-devel-linux-x86_64-debian-clang, r-devel-linux-x86_64-debian-gcc, r-devel-linux-x86_64-fedora-clang, r-devel-linux-x86_64-fedora-gcc, r-devel-macos-arm64, r-devel-macos-x86_64, r-devel-windows-x86_64, r-patched-linux-x86_64, r-release-linux-x86_64, r-release-macos-arm64, r-release-macos-x86_64, r-release-windows-x86_64, r-oldrel-macos-arm64, r-oldrel-macos-x86_64, r-oldrel-windows-x86_64