Last updated on 2025-02-16 09:50:47 CET.
Flavor | Version | Tinstall | Tcheck | Ttotal | Status | Flags |
---|---|---|---|---|---|---|
r-devel-linux-x86_64-debian-clang | 0.4.4 | 2.30 | 33.44 | 35.74 | NOTE | |
r-devel-linux-x86_64-debian-gcc | 0.4.4 | 1.88 | 25.93 | 27.81 | NOTE | |
r-devel-linux-x86_64-fedora-clang | 0.4.4 | 59.25 | OK | |||
r-devel-linux-x86_64-fedora-gcc | 0.4.4 | 96.73 | OK | |||
r-devel-macos-arm64 | 0.4.4 | 44.00 | OK | |||
r-devel-macos-x86_64 | 0.4.4 | 93.00 | OK | |||
r-devel-windows-x86_64 | 0.4.4 | 5.00 | 61.00 | 66.00 | NOTE | |
r-patched-linux-x86_64 | 0.4.4 | 5.84 | 31.83 | 37.67 | OK | |
r-release-linux-x86_64 | 0.4.4 | 2.38 | 31.48 | 33.86 | OK | |
r-release-macos-arm64 | 0.4.4 | 32.00 | OK | |||
r-release-macos-x86_64 | 0.4.4 | 53.00 | OK | |||
r-release-windows-x86_64 | 0.4.4 | 4.00 | 55.00 | 59.00 | OK | |
r-oldrel-macos-arm64 | 0.4.4 | 41.00 | OK | |||
r-oldrel-macos-x86_64 | 0.4.4 | 165.00 | OK | |||
r-oldrel-windows-x86_64 | 0.4.4 | 6.00 | 59.00 | 65.00 | OK |
Version: 0.4.4
Check: Rd cross-references
Result: NOTE
Found the following Rd file(s) with Rd \link{} targets missing package
anchors:
mock.Rd: with_mock
Please provide package anchors for all Rd \link{} targets not in the
package itself and the base packages.
Flavors: r-devel-linux-x86_64-debian-clang, r-devel-linux-x86_64-debian-gcc, r-devel-windows-x86_64