Last updated on 2025-02-16 09:50:47 CET.
Flavor | Version | Tinstall | Tcheck | Ttotal | Status | Flags |
---|---|---|---|---|---|---|
r-devel-linux-x86_64-debian-clang | 1.2.2 | 123.08 | 25.75 | 148.83 | OK | |
r-devel-linux-x86_64-debian-gcc | 1.2.2 | 99.69 | 20.38 | 120.07 | OK | |
r-devel-linux-x86_64-fedora-clang | 1.2.2 | 281.36 | OK | |||
r-devel-linux-x86_64-fedora-gcc | 1.2.2 | 333.43 | OK | |||
r-devel-macos-arm64 | 1.2.2 | 59.00 | OK | |||
r-devel-macos-x86_64 | 1.2.2 | 88.00 | OK | |||
r-devel-windows-x86_64 | 1.2.2 | 125.00 | 77.00 | 202.00 | OK | |
r-patched-linux-x86_64 | 1.2.2 | 124.05 | 24.70 | 148.75 | OK | |
r-release-linux-x86_64 | 1.2.2 | 133.53 | 24.58 | 158.11 | OK | |
r-release-macos-arm64 | 1.2.2 | 61.00 | NOTE | |||
r-release-macos-x86_64 | 1.2.2 | 70.00 | NOTE | |||
r-release-windows-x86_64 | 1.2.2 | 124.00 | 75.00 | 199.00 | OK | |
r-oldrel-macos-arm64 | 1.2.2 | 68.00 | NOTE | |||
r-oldrel-macos-x86_64 | 1.2.2 | 102.00 | NOTE | |||
r-oldrel-windows-x86_64 | 1.2.2 | 154.00 | 97.00 | 251.00 | OK |
Version: 1.2.2
Check: installed package size
Result: NOTE
installed size is 10.6Mb
sub-directories of 1Mb or more:
libs 10.4Mb
Flavors: r-release-macos-arm64, r-release-macos-x86_64, r-oldrel-macos-arm64, r-oldrel-macos-x86_64