Last updated on 2025-02-19 09:50:56 CET.
Flavor | Version | Tinstall | Tcheck | Ttotal | Status | Flags |
---|---|---|---|---|---|---|
r-devel-linux-x86_64-debian-clang | 0.1.2 | 44.58 | 329.44 | 374.02 | OK | |
r-devel-linux-x86_64-debian-gcc | 0.1.2 | 32.44 | 180.59 | 213.03 | OK | |
r-devel-linux-x86_64-fedora-clang | 0.1.2 | 625.13 | OK | |||
r-devel-linux-x86_64-fedora-gcc | 0.1.2 | 592.75 | OK | |||
r-devel-macos-arm64 | 0.1.2 | 206.00 | OK | |||
r-devel-macos-x86_64 | 0.1.2 | 384.00 | OK | |||
r-devel-windows-x86_64 | 0.1.2 | 48.00 | 294.00 | 342.00 | OK | |
r-patched-linux-x86_64 | 0.1.2 | 44.96 | 294.71 | 339.67 | OK | |
r-release-linux-x86_64 | 0.1.2 | 48.25 | 295.46 | 343.71 | OK | |
r-release-macos-arm64 | 0.1.2 | 189.00 | NOTE | |||
r-release-macos-x86_64 | 0.1.2 | 570.00 | NOTE | |||
r-release-windows-x86_64 | 0.1.2 | 47.00 | 294.00 | 341.00 | OK | |
r-oldrel-macos-arm64 | 0.1.2 | 293.00 | NOTE | |||
r-oldrel-macos-x86_64 | 0.1.2 | 670.00 | NOTE | |||
r-oldrel-windows-x86_64 | 0.1.2 | 60.00 | 419.00 | 479.00 | OK |
Version: 0.1.2
Check: installed package size
Result: NOTE
installed size is 6.0Mb
sub-directories of 1Mb or more:
libs 5.7Mb
Flavors: r-release-macos-arm64, r-release-macos-x86_64, r-oldrel-macos-arm64, r-oldrel-macos-x86_64