CRAN Package Check Results for Package mlr3oml

Last updated on 2025-04-16 09:53:04 CEST.

Flavor Version Tinstall Tcheck Ttotal Status Flags
r-devel-linux-x86_64-debian-clang 0.10.0 10.13 57.32 67.45 NOTE
r-devel-linux-x86_64-debian-gcc 0.10.0 6.73 41.50 48.23 NOTE
r-devel-linux-x86_64-fedora-clang 0.10.0 109.54 OK
r-devel-linux-x86_64-fedora-gcc 0.10.0 97.00 OK
r-devel-windows-x86_64 0.10.0 13.00 77.00 90.00 NOTE
r-patched-linux-x86_64 0.10.0 9.95 53.65 63.60 NOTE
r-release-linux-x86_64 0.10.0 8.34 54.40 62.74 NOTE
r-release-macos-arm64 0.10.0 37.00 OK
r-release-macos-x86_64 0.10.0 60.00 OK
r-release-windows-x86_64 0.10.0 13.00 84.00 97.00 NOTE
r-oldrel-macos-arm64 0.10.0 31.00 OK
r-oldrel-macos-x86_64 0.10.0 54.00 OK
r-oldrel-windows-x86_64 0.10.0 16.00 96.00 112.00 OK

Check Details

Version: 0.10.0
Check: Rd cross-references
Result: NOTE Found the following Rd file(s) with Rd \link{} targets missing package anchors: read_arff.Rd: data.table, fread Please provide package anchors for all Rd \link{} targets not in the package itself and the base packages. Flavors: r-devel-linux-x86_64-debian-clang, r-devel-linux-x86_64-debian-gcc, r-devel-windows-x86_64, r-patched-linux-x86_64, r-release-linux-x86_64, r-release-windows-x86_64

Version: 0.10.0
Check: dependencies in R code
Result: NOTE OpenJDK 64-Bit Server VM warning: The Windows job object has enabled multiple processor groups (2) but the UseAllWindowsProcessorGroups flag is off. Some processors might not be used. Flavors: r-devel-windows-x86_64, r-release-windows-x86_64