CRAN Package Check Results for Package mle.tools

Last updated on 2025-02-16 09:50:47 CET.

Flavor Version Tinstall Tcheck Ttotal Status Flags
r-devel-linux-x86_64-debian-clang 1.0.0 1.68 30.19 31.87 NOTE
r-devel-linux-x86_64-debian-gcc 1.0.0 1.34 21.43 22.77 NOTE
r-devel-linux-x86_64-fedora-clang 1.0.0 51.26 NOTE
r-devel-linux-x86_64-fedora-gcc 1.0.0 47.87 NOTE
r-devel-macos-arm64 1.0.0 18.00 NOTE
r-devel-macos-x86_64 1.0.0 30.00 NOTE
r-devel-windows-x86_64 1.0.0 3.00 50.00 53.00 NOTE
r-patched-linux-x86_64 1.0.0 1.72 28.42 30.14 NOTE
r-release-linux-x86_64 1.0.0 1.62 29.14 30.76 NOTE
r-release-macos-arm64 1.0.0 18.00 NOTE
r-release-macos-x86_64 1.0.0 25.00 NOTE
r-release-windows-x86_64 1.0.0 2.00 51.00 53.00 NOTE
r-oldrel-macos-arm64 1.0.0 18.00 NOTE
r-oldrel-macos-x86_64 1.0.0 27.00 NOTE
r-oldrel-windows-x86_64 1.0.0 3.00 55.00 58.00 NOTE

Check Details

Version: 1.0.0
Check: package subdirectories
Result: NOTE Problems with news in ‘NEWS.md’: No news entries found. Flavors: r-devel-linux-x86_64-debian-clang, r-devel-linux-x86_64-debian-gcc, r-devel-linux-x86_64-fedora-clang, r-devel-linux-x86_64-fedora-gcc, r-devel-macos-arm64, r-devel-macos-x86_64, r-devel-windows-x86_64, r-patched-linux-x86_64, r-release-linux-x86_64, r-release-macos-arm64, r-release-macos-x86_64, r-release-windows-x86_64, r-oldrel-macos-arm64, r-oldrel-macos-x86_64, r-oldrel-windows-x86_64