Last updated on 2025-02-16 09:50:46 CET.
Flavor | Version | Tinstall | Tcheck | Ttotal | Status | Flags |
---|---|---|---|---|---|---|
r-devel-linux-x86_64-debian-clang | 0.1-5 | 11.98 | 74.93 | 86.91 | OK | |
r-devel-linux-x86_64-debian-gcc | 0.1-5 | 8.98 | 56.58 | 65.56 | OK | |
r-devel-linux-x86_64-fedora-clang | 0.1-5 | 142.18 | OK | |||
r-devel-linux-x86_64-fedora-gcc | 0.1-5 | 130.44 | OK | |||
r-devel-macos-arm64 | 0.1-5 | 47.00 | OK | |||
r-devel-macos-x86_64 | 0.1-5 | 97.00 | OK | |||
r-devel-windows-x86_64 | 0.1-5 | 17.00 | 91.00 | 108.00 | OK | |
r-patched-linux-x86_64 | 0.1-5 | 11.91 | 70.15 | 82.06 | OK | |
r-release-linux-x86_64 | 0.1-5 | 11.35 | 71.24 | 82.59 | OK | |
r-release-macos-arm64 | 0.1-5 | 43.00 | NOTE | |||
r-release-macos-x86_64 | 0.1-5 | 64.00 | NOTE | |||
r-release-windows-x86_64 | 0.1-5 | 18.00 | 87.00 | 105.00 | NOTE | |
r-oldrel-macos-arm64 | 0.1-5 | 48.00 | NOTE | |||
r-oldrel-macos-x86_64 | 0.1-5 | 69.00 | NOTE | |||
r-oldrel-windows-x86_64 | 0.1-5 | 22.00 | 121.00 | 143.00 | NOTE |
Version: 0.1-5
Check: package dependencies
Result: NOTE
Packages suggested but not available for checking: 'mixAK', 'BRugs'
Flavors: r-release-macos-arm64, r-release-macos-x86_64, r-oldrel-macos-arm64, r-oldrel-macos-x86_64
Version: 0.1-5
Check: Rd cross-references
Result: NOTE
Package unavailable to check Rd xrefs: ‘mixAK’
Flavors: r-release-macos-arm64, r-release-macos-x86_64, r-oldrel-macos-arm64
Version: 0.1-5
Check: package dependencies
Result: NOTE
Package suggested but not available for checking: 'BRugs'
Flavors: r-release-windows-x86_64, r-oldrel-windows-x86_64
Version: 0.1-5
Check: Rd cross-references
Result: NOTE
Packages unavailable to check Rd xrefs: ‘lme4’, ‘mixAK’
Flavor: r-oldrel-macos-x86_64