Last updated on 2025-02-16 09:50:46 CET.
Flavor | Version | Tinstall | Tcheck | Ttotal | Status | Flags |
---|---|---|---|---|---|---|
r-devel-linux-x86_64-debian-clang | 2.0.3 | 77.42 | 48.10 | 125.52 | OK | |
r-devel-linux-x86_64-debian-gcc | 2.0.3 | 54.66 | 34.04 | 88.70 | OK | |
r-devel-linux-x86_64-fedora-clang | 2.0.3 | 248.24 | OK | |||
r-devel-linux-x86_64-fedora-gcc | 2.0.3 | 245.25 | OK | |||
r-devel-macos-arm64 | 2.0.3 | 49.00 | OK | |||
r-devel-macos-x86_64 | 2.0.3 | 74.00 | OK | |||
r-devel-windows-x86_64 | 2.0.3 | 85.00 | 94.00 | 179.00 | OK | |
r-patched-linux-x86_64 | 2.0.3 | 81.28 | 45.12 | 126.40 | OK | |
r-release-linux-x86_64 | 2.0.3 | 79.68 | 44.94 | 124.62 | OK | |
r-release-macos-arm64 | 2.0.3 | 51.00 | NOTE | |||
r-release-macos-x86_64 | 2.0.3 | 77.00 | NOTE | |||
r-release-windows-x86_64 | 2.0.3 | 84.00 | 95.00 | 179.00 | OK | |
r-oldrel-macos-arm64 | 2.0.3 | 53.00 | NOTE | |||
r-oldrel-macos-x86_64 | 2.0.3 | 77.00 | NOTE | |||
r-oldrel-windows-x86_64 | 2.0.3 | 104.00 | 112.00 | 216.00 | OK |
Version: 2.0.3
Check: installed package size
Result: NOTE
installed size is 6.5Mb
sub-directories of 1Mb or more:
libs 6.0Mb
Flavors: r-release-macos-arm64, r-release-macos-x86_64, r-oldrel-macos-arm64, r-oldrel-macos-x86_64