Last updated on 2025-02-16 09:50:46 CET.
Flavor | Version | Tinstall | Tcheck | Ttotal | Status | Flags |
---|---|---|---|---|---|---|
r-devel-linux-x86_64-debian-clang | 0.2.0 | 1.81 | 57.32 | 59.13 | NOTE | |
r-devel-linux-x86_64-debian-gcc | 0.2.0 | 1.75 | 43.78 | 45.53 | NOTE | |
r-devel-linux-x86_64-fedora-clang | 0.2.0 | 91.09 | OK | |||
r-devel-linux-x86_64-fedora-gcc | 0.2.0 | 90.70 | OK | |||
r-devel-macos-arm64 | 0.2.0 | 44.00 | OK | |||
r-devel-macos-x86_64 | 0.2.0 | 62.00 | OK | |||
r-devel-windows-x86_64 | 0.2.0 | 4.00 | 85.00 | 89.00 | NOTE | |
r-patched-linux-x86_64 | 0.2.0 | 9.80 | 53.62 | 63.42 | NOTE | |
r-release-linux-x86_64 | 0.2.0 | 2.16 | 52.80 | 54.96 | NOTE | |
r-release-macos-arm64 | 0.2.0 | 37.00 | NOTE | |||
r-release-macos-x86_64 | 0.2.0 | 50.00 | NOTE | |||
r-release-windows-x86_64 | 0.2.0 | 3.00 | 79.00 | 82.00 | NOTE | |
r-oldrel-macos-arm64 | 0.2.0 | 39.00 | NOTE | |||
r-oldrel-macos-x86_64 | 0.2.0 | 60.00 | NOTE | |||
r-oldrel-windows-x86_64 | 0.2.0 | 5.00 | 120.00 | 125.00 | NOTE |
Version: 0.2.0
Check: Rd cross-references
Result: NOTE
Found the following Rd file(s) with Rd \link{} targets missing package
anchors:
mifa.Rd: mice
mifa_ci_boot.Rd: mice
Please provide package anchors for all Rd \link{} targets not in the
package itself and the base packages.
Flavors: r-devel-linux-x86_64-debian-clang, r-devel-linux-x86_64-debian-gcc, r-devel-windows-x86_64
Version: 0.2.0
Check: LazyData
Result: NOTE
'LazyData' is specified without a 'data' directory
Flavors: r-patched-linux-x86_64, r-release-linux-x86_64, r-release-macos-arm64, r-release-macos-x86_64, r-release-windows-x86_64, r-oldrel-macos-arm64, r-oldrel-macos-x86_64, r-oldrel-windows-x86_64