Last updated on 2025-02-19 09:50:56 CET.
Flavor | Version | Tinstall | Tcheck | Ttotal | Status | Flags |
---|---|---|---|---|---|---|
r-devel-linux-x86_64-debian-clang | 1.0.1 | 1.76 | 29.84 | 31.60 | OK | |
r-devel-linux-x86_64-debian-gcc | 1.0.1 | 1.63 | 23.92 | 25.55 | OK | |
r-devel-linux-x86_64-fedora-clang | 1.0.1 | 54.24 | NOTE | |||
r-devel-linux-x86_64-fedora-gcc | 1.0.1 | 71.79 | NOTE | |||
r-devel-macos-arm64 | 1.0.1 | 29.00 | OK | |||
r-devel-macos-x86_64 | 1.0.1 | 48.00 | OK | |||
r-devel-windows-x86_64 | 1.0.1 | 5.00 | 66.00 | 71.00 | OK | |
r-patched-linux-x86_64 | 1.0.1 | 2.13 | 29.20 | 31.33 | NOTE | |
r-release-linux-x86_64 | 1.0.1 | 2.07 | 28.98 | 31.05 | NOTE | |
r-release-macos-arm64 | 1.0.1 | 29.00 | NOTE | |||
r-release-macos-x86_64 | 1.0.1 | 49.00 | NOTE | |||
r-release-windows-x86_64 | 1.0.1 | 5.00 | 70.00 | 75.00 | NOTE | |
r-oldrel-macos-arm64 | 1.0.1 | 28.00 | NOTE | |||
r-oldrel-macos-x86_64 | 1.0.1 | 41.00 | NOTE | |||
r-oldrel-windows-x86_64 | 1.0.1 | 5.00 | 68.00 | 73.00 | NOTE |
Version: 1.0.1
Check: dependencies in R code
Result: NOTE
Namespaces in Imports field not imported from:
‘DT’ ‘ggiraph’ ‘ggplot2’ ‘grid’ ‘gtools’ ‘scales’ ‘shinyBS’
‘shinyWidgets’ ‘tidyr’
All declared Imports should be used.
Flavors: r-devel-linux-x86_64-fedora-clang, r-devel-linux-x86_64-fedora-gcc
Version: 1.0.1
Check: LazyData
Result: NOTE
'LazyData' is specified without a 'data' directory
Flavors: r-patched-linux-x86_64, r-release-linux-x86_64, r-release-macos-arm64, r-release-macos-x86_64, r-release-windows-x86_64, r-oldrel-macos-arm64, r-oldrel-macos-x86_64, r-oldrel-windows-x86_64