CRAN Package Check Results for Package microbats

Last updated on 2025-02-19 09:50:56 CET.

Flavor Version Tinstall Tcheck Ttotal Status Flags
r-devel-linux-x86_64-debian-clang 0.1-1 1.53 17.01 18.54 OK
r-devel-linux-x86_64-debian-gcc 0.1-1 1.17 14.32 15.49 OK
r-devel-linux-x86_64-fedora-clang 0.1-1 29.67 OK
r-devel-linux-x86_64-fedora-gcc 0.1-1 29.87 OK
r-devel-macos-arm64 0.1-1 14.00 OK
r-devel-macos-x86_64 0.1-1 24.00 OK
r-devel-windows-x86_64 0.1-1 2.00 40.00 42.00 OK
r-patched-linux-x86_64 0.1-1 1.13 16.22 17.35 NOTE
r-release-linux-x86_64 0.1-1 1.59 16.52 18.11 NOTE
r-release-macos-arm64 0.1-1 14.00 NOTE
r-release-macos-x86_64 0.1-1 25.00 NOTE
r-release-windows-x86_64 0.1-1 2.00 40.00 42.00 NOTE
r-oldrel-macos-arm64 0.1-1 16.00 NOTE
r-oldrel-macos-x86_64 0.1-1 19.00 NOTE
r-oldrel-windows-x86_64 0.1-1 2.00 40.00 42.00 NOTE

Check Details

Version: 0.1-1
Check: LazyData
Result: NOTE 'LazyData' is specified without a 'data' directory Flavors: r-patched-linux-x86_64, r-release-linux-x86_64, r-release-macos-arm64, r-release-macos-x86_64, r-release-windows-x86_64, r-oldrel-macos-arm64, r-oldrel-macos-x86_64, r-oldrel-windows-x86_64