Last updated on 2025-02-19 09:50:56 CET.
Flavor | Version | Tinstall | Tcheck | Ttotal | Status | Flags |
---|---|---|---|---|---|---|
r-devel-linux-x86_64-debian-clang | 1.6 | 6.86 | 845.92 | 852.78 | OK | |
r-devel-linux-x86_64-debian-gcc | 1.6 | 4.14 | 452.18 | 456.32 | OK | |
r-devel-linux-x86_64-fedora-clang | 1.6 | 1371.52 | NOTE | |||
r-devel-linux-x86_64-fedora-gcc | 1.6 | 1350.10 | NOTE | |||
r-devel-macos-arm64 | 1.6 | 360.00 | OK | |||
r-devel-macos-x86_64 | 1.6 | 645.00 | OK | |||
r-devel-windows-x86_64 | 1.6 | 9.00 | 580.00 | 589.00 | OK | |
r-patched-linux-x86_64 | 1.6 | 7.59 | 785.07 | 792.66 | OK | |
r-release-linux-x86_64 | 1.6 | 6.47 | 792.78 | 799.25 | OK | |
r-release-macos-arm64 | 1.6 | 269.00 | OK | |||
r-release-macos-x86_64 | 1.6 | 559.00 | OK | |||
r-release-windows-x86_64 | 1.6 | 10.00 | 592.00 | 602.00 | OK | |
r-oldrel-macos-arm64 | 1.6 | 298.00 | OK | |||
r-oldrel-macos-x86_64 | 1.6 | 572.00 | OK | |||
r-oldrel-windows-x86_64 | 1.6 | 12.00 | 853.00 | 865.00 | OK |
Version: 1.6
Check: dependencies in R code
Result: NOTE
Namespace in Imports field not imported from: ‘testthat’
All declared Imports should be used.
Flavors: r-devel-linux-x86_64-fedora-clang, r-devel-linux-x86_64-fedora-gcc