CRAN Package Check Results for Package micd

Last updated on 2025-02-16 09:50:46 CET.

Flavor Version Tinstall Tcheck Ttotal Status Flags
r-devel-linux-x86_64-debian-clang 1.1.1 17.10 174.36 191.46 NOTE
r-devel-linux-x86_64-debian-gcc 1.1.1 11.22 125.36 136.58 NOTE
r-devel-linux-x86_64-fedora-clang 1.1.1 310.61 OK
r-devel-linux-x86_64-fedora-gcc 1.1.1 290.19 OK
r-devel-macos-arm64 1.1.1 85.00 OK
r-devel-macos-x86_64 1.1.1 178.00 OK
r-devel-windows-x86_64 1.1.1 16.00 176.00 192.00 NOTE
r-patched-linux-x86_64 1.1.1 21.61 159.83 181.44 OK
r-release-linux-x86_64 1.1.1 14.00 158.12 172.12 OK
r-release-macos-arm64 1.1.1 79.00 OK
r-release-macos-x86_64 1.1.1 120.00 OK
r-release-windows-x86_64 1.1.1 18.00 173.00 191.00 OK
r-oldrel-macos-arm64 1.1.1 64.00 OK
r-oldrel-macos-x86_64 1.1.1 109.00 OK
r-oldrel-windows-x86_64 1.1.1 23.00 205.00 228.00 OK

Additional issues

noSuggests

Check Details

Version: 1.1.1
Check: Rd cross-references
Result: NOTE Found the following Rd file(s) with Rd \link{} targets missing package anchors: flexCItest.Rd: gaussCItest, disCItest getSuff.Rd: gaussCItest, disCItest Please provide package anchors for all Rd \link{} targets not in the package itself and the base packages. Flavors: r-devel-linux-x86_64-debian-clang, r-devel-linux-x86_64-debian-gcc, r-devel-windows-x86_64